Last updated on 2024-05-26 21:49:20 CEST.
Flavor | Version | Tinstall | Tcheck | Ttotal | Status | Flags |
---|---|---|---|---|---|---|
r-devel-linux-x86_64-debian-clang | 3.0.4 | 29.81 | 158.93 | 188.74 | NOTE | |
r-devel-linux-x86_64-debian-gcc | 3.0.4 | 23.90 | 112.93 | 136.83 | NOTE | |
r-devel-linux-x86_64-fedora-clang | 3.0.4 | 237.76 | NOTE | |||
r-devel-linux-x86_64-fedora-gcc | 3.0.4 | 241.23 | NOTE | |||
r-devel-windows-x86_64 | 3.0.4 | 31.00 | 149.00 | 180.00 | NOTE | |
r-patched-linux-x86_64 | 3.0.4 | 31.97 | 152.98 | 184.95 | OK | |
r-release-linux-x86_64 | 3.0.4 | 26.02 | 148.44 | 174.46 | OK | |
r-release-macos-arm64 | 3.0.4 | 57.00 | OK | |||
r-release-macos-x86_64 | 3.0.4 | 157.00 | OK | |||
r-release-windows-x86_64 | 3.0.4 | 29.00 | 149.00 | 178.00 | OK | |
r-oldrel-macos-arm64 | 3.0.4 | 67.00 | OK | |||
r-oldrel-macos-x86_64 | 3.0.4 | 129.00 | OK | |||
r-oldrel-windows-x86_64 | 3.0.4 | 36.00 | 182.00 | 218.00 | OK |
Version: 3.0.4
Check: compiled code
Result: NOTE
File ‘LipidMS/libs/LipidMS.so’:
Found non-API call to R: ‘SETLENGTH’
Compiled code should not call non-API entry points in R.
See ‘Writing portable packages’ in the ‘Writing R Extensions’ manual.
Flavors: r-devel-linux-x86_64-debian-clang, r-devel-linux-x86_64-debian-gcc, r-devel-linux-x86_64-fedora-clang, r-devel-linux-x86_64-fedora-gcc
Version: 3.0.4
Check: compiled code
Result: NOTE
File 'LipidMS/libs/x64/LipidMS.dll':
Found non-API call to R: 'SETLENGTH'
Compiled code should not call non-API entry points in R.
See 'Writing portable packages' in the 'Writing R Extensions' manual.
Flavor: r-devel-windows-x86_64