Last updated on 2025-10-24 11:50:50 CEST.
| Flavor | Version | Tinstall | Tcheck | Ttotal | Status | Flags |
|---|---|---|---|---|---|---|
| r-devel-linux-x86_64-debian-clang | 0.1.5 | 1.75 | 27.89 | 29.64 | NOTE | |
| r-devel-linux-x86_64-debian-gcc | 0.1.5 | 1.39 | 23.03 | 24.42 | NOTE | |
| r-devel-linux-x86_64-fedora-clang | 0.1.5 | 46.45 | OK | |||
| r-devel-linux-x86_64-fedora-gcc | 0.1.5 | 58.42 | OK | |||
| r-devel-windows-x86_64 | 0.1.5 | 3.00 | 46.00 | 49.00 | OK | |
| r-patched-linux-x86_64 | 0.1.5 | 1.99 | 26.59 | 28.58 | OK | |
| r-release-linux-x86_64 | 0.1.5 | 1.81 | 26.23 | 28.04 | OK | |
| r-release-macos-arm64 | 0.1.5 | 1.00 | 28.00 | 29.00 | OK | |
| r-release-macos-x86_64 | 0.1.5 | 2.00 | 41.00 | 43.00 | OK | |
| r-release-windows-x86_64 | 0.1.5 | 3.00 | 50.00 | 53.00 | OK | |
| r-oldrel-macos-arm64 | 0.1.5 | 1.00 | 23.00 | 24.00 | OK | |
| r-oldrel-macos-x86_64 | 0.1.5 | 2.00 | 33.00 | 35.00 | OK | |
| r-oldrel-windows-x86_64 | 0.1.5 | 3.00 | 56.00 | 59.00 | OK |
Version: 0.1.5
Check: CRAN incoming feasibility
Result: NOTE
Maintainer: ‘Guy Ashiri-Prossner <guy.ashiri@mail.huji.ac.il>’
No Authors@R field in DESCRIPTION.
Please add one, modifying
Authors@R: person(given = "Guy",
family = "Ashiri-Prossner",
role = c("aut", "cre"),
email = "guy.ashiri@mail.huji.ac.il")
as necessary.
Flavors: r-devel-linux-x86_64-debian-clang, r-devel-linux-x86_64-debian-gcc