Last updated on 2025-10-22 05:51:16 CEST.
Flavor | Version | Tinstall | Tcheck | Ttotal | Status | Flags |
---|---|---|---|---|---|---|
r-devel-linux-x86_64-debian-clang | 0.1.0 | 14.85 | 172.58 | 187.43 | OK | |
r-devel-linux-x86_64-debian-gcc | 0.1.0 | 10.41 | 122.45 | 132.86 | OK | |
r-devel-linux-x86_64-fedora-clang | 0.1.0 | 32.00 | 247.49 | 279.49 | OK | |
r-devel-linux-x86_64-fedora-gcc | 0.1.0 | 31.00 | 264.19 | 295.19 | OK | |
r-devel-windows-x86_64 | 0.1.0 | 16.00 | 150.00 | 166.00 | OK | |
r-patched-linux-x86_64 | 0.1.0 | 15.24 | 161.91 | 177.15 | OK | |
r-release-linux-x86_64 | 0.1.0 | 15.00 | 161.42 | 176.42 | OK | |
r-release-macos-arm64 | 0.1.0 | 5.00 | 67.00 | 72.00 | OK | |
r-release-macos-x86_64 | 0.1.0 | 11.00 | 102.00 | 113.00 | OK | |
r-release-windows-x86_64 | 0.1.0 | 17.00 | 153.00 | 170.00 | OK | |
r-oldrel-macos-arm64 | 0.1.0 | 6.00 | 75.00 | 81.00 | NOTE | |
r-oldrel-macos-x86_64 | 0.1.0 | 10.00 | 103.00 | 113.00 | NOTE | |
r-oldrel-windows-x86_64 | 0.1.0 | 21.00 | 208.00 | 229.00 | OK |
Version: 0.1.0
Check: package dependencies
Result: NOTE
Package suggested but not available for checking: ‘INLA’
Flavors: r-oldrel-macos-arm64, r-oldrel-macos-x86_64
Version: 0.1.0
Check: installed package size
Result: NOTE
installed size is 5.0Mb
sub-directories of 1Mb or more:
extdata 4.2Mb
Flavor: r-oldrel-macos-arm64
Version: 0.1.0
Check: Rd cross-references
Result: NOTE
Package unavailable to check Rd xrefs: ‘INLA’
Flavors: r-oldrel-macos-arm64, r-oldrel-macos-x86_64