CRAN Package Check Results for Package MAT

Last updated on 2025-10-21 17:49:53 CEST.

Flavor Version Tinstall Tcheck Ttotal Status Flags
r-devel-linux-x86_64-debian-clang 2.3.2 45.62 32.86 78.48 NOTE
r-devel-linux-x86_64-debian-gcc 2.3.2 33.01 24.83 57.84 NOTE
r-devel-linux-x86_64-fedora-clang 2.3.2 97.00 50.08 147.08 OK
r-devel-linux-x86_64-fedora-gcc 2.3.2 157.00 -8.52 148.48 OK
r-devel-windows-x86_64 2.3.2 56.00 67.00 123.00 OK
r-patched-linux-x86_64 2.3.2 51.07 30.05 81.12 OK
r-release-linux-x86_64 2.3.2 49.15 30.55 79.70 OK
r-release-macos-arm64 2.3.2 21.00 23.00 44.00 OK
r-release-macos-x86_64 2.3.2 22.00 29.00 51.00 OK
r-release-windows-x86_64 2.3.2 56.00 67.00 123.00 OK
r-oldrel-macos-arm64 2.3.2 19.00 18.00 37.00 OK
r-oldrel-macos-x86_64 2.3.2 30.00 47.00 77.00 OK
r-oldrel-windows-x86_64 2.3.2 67.00 80.00 147.00 OK

Check Details

Version: 2.3.2
Check: CRAN incoming feasibility
Result: NOTE Maintainer: ‘Seung W. Choi <schoi@austin.utexas.edu>’ No Authors@R field in DESCRIPTION. Please add one, modifying Authors@R: c(person(given = c("Seung", "W."), family = "Choi", role = c("aut", "cre"), email = "schoi@austin.utexas.edu"), person(given = c("David", "R."), family = "King", role = "aut")) as necessary. Flavors: r-devel-linux-x86_64-debian-clang, r-devel-linux-x86_64-debian-gcc

Version: 2.3.2
Check: HTML version of manual
Result: NOTE Found the following HTML validation problems: MAT.html:233:1 (MAT.Rd:98): Warning: <h3> anchor "_sec_note" already defined Flavors: r-devel-linux-x86_64-debian-clang, r-devel-linux-x86_64-debian-gcc