Last updated on 2025-10-24 18:49:59 CEST.
| Flavor | Version | Tinstall | Tcheck | Ttotal | Status | Flags |
|---|---|---|---|---|---|---|
| r-devel-linux-x86_64-debian-clang | 1.2.2 | 7.69 | 284.81 | 292.50 | NOTE | |
| r-devel-linux-x86_64-debian-gcc | 1.2.2 | 5.38 | 192.76 | 198.14 | NOTE | |
| r-devel-linux-x86_64-fedora-clang | 1.2.2 | 27.00 | 453.32 | 480.32 | OK | |
| r-devel-linux-x86_64-fedora-gcc | 1.2.2 | 37.00 | 455.65 | 492.65 | OK | |
| r-devel-windows-x86_64 | 1.2.2 | 9.00 | 483.00 | 492.00 | OK | |
| r-patched-linux-x86_64 | 1.2.2 | 9.65 | 270.24 | 279.89 | OK | |
| r-release-linux-x86_64 | 1.2.2 | 6.96 | 273.91 | 280.87 | OK | |
| r-release-macos-arm64 | 1.2.2 | 4.00 | 167.00 | 171.00 | OK | |
| r-release-macos-x86_64 | 1.2.2 | 8.00 | 300.00 | 308.00 | OK | |
| r-release-windows-x86_64 | 1.2.2 | 9.00 | 373.00 | 382.00 | OK | |
| r-oldrel-macos-arm64 | 1.2.2 | 3.00 | 108.00 | 111.00 | NOTE | |
| r-oldrel-macos-x86_64 | 1.2.2 | 7.00 | 228.00 | 235.00 | NOTE | |
| r-oldrel-windows-x86_64 | 1.2.2 | 11.00 | 482.00 | 493.00 | NOTE |
Version: 1.2.2
Check: CRAN incoming feasibility
Result: NOTE
Maintainer: ‘Shiqi Tu <tushiqi@picb.ac.cn>’
Package CITATION file contains call(s) to old-style personList() or
as.personList(). Please use c() on person objects instead.
Package CITATION file contains call(s) to old-style citEntry(). Please
use bibentry() instead.
Flavors: r-devel-linux-x86_64-debian-clang, r-devel-linux-x86_64-debian-gcc
Version: 1.2.2
Check: installed package size
Result: NOTE
installed size is 5.3Mb
sub-directories of 1Mb or more:
data 1.2Mb
doc 3.5Mb
Flavors: r-oldrel-macos-arm64, r-oldrel-macos-x86_64, r-oldrel-windows-x86_64