Last updated on 2025-10-21 17:49:53 CEST.
Flavor | Version | Tinstall | Tcheck | Ttotal | Status | Flags |
---|---|---|---|---|---|---|
r-devel-linux-x86_64-debian-clang | 0.0.5 | 3.47 | 21.87 | 25.34 | NOTE | |
r-devel-linux-x86_64-debian-gcc | 0.0.5 | 2.76 | 17.80 | 20.56 | NOTE | |
r-devel-linux-x86_64-fedora-clang | 0.0.5 | 36.60 | OK | |||
r-devel-linux-x86_64-fedora-gcc | 0.0.5 | 13.00 | 24.25 | 37.25 | OK | |
r-devel-windows-x86_64 | 0.0.5 | 8.00 | 42.00 | 50.00 | OK | |
r-patched-linux-x86_64 | 0.0.5 | 3.51 | 20.52 | 24.03 | OK | |
r-release-linux-x86_64 | 0.0.5 | 3.26 | 20.30 | 23.56 | OK | |
r-release-macos-arm64 | 0.0.5 | 3.00 | 17.00 | 20.00 | OK | |
r-release-macos-x86_64 | 0.0.5 | 4.00 | 23.00 | 27.00 | OK | |
r-release-windows-x86_64 | 0.0.5 | 7.00 | 45.00 | 52.00 | OK | |
r-oldrel-macos-arm64 | 0.0.5 | 5.00 | 22.00 | 27.00 | OK | |
r-oldrel-macos-x86_64 | 0.0.5 | 4.00 | 32.00 | 36.00 | OK | |
r-oldrel-windows-x86_64 | 0.0.5 | 8.00 | 50.00 | 58.00 | OK |
Version: 0.0.5
Check: top-level files
Result: NOTE
Found the following validation problem for the NEWS.Rd HTML conversion:
NEWS.html:40:1 (inst/NEWS.Rd:16): Warning: <h4> anchor "Changed" already defined
NEWS.html:69:1 (inst/NEWS.Rd:30): Warning: <h4> anchor "Changed" already defined
NEWS.html:84:1 (inst/NEWS.Rd:38): Warning: <h4> anchor "Changed" already defined
NEWS.html:108:1 (inst/NEWS.Rd:49): Warning: <h4> anchor "Fixed" already defined
Flavors: r-devel-linux-x86_64-debian-clang, r-devel-linux-x86_64-debian-gcc