Last updated on 2025-10-21 23:51:00 CEST.
Flavor | Version | Tinstall | Tcheck | Ttotal | Status | Flags |
---|---|---|---|---|---|---|
r-devel-linux-x86_64-debian-clang | 1.2.4 | 11.39 | 111.54 | 122.93 | NOTE | |
r-devel-linux-x86_64-debian-gcc | 1.2.4 | 7.74 | 77.81 | 85.55 | NOTE | |
r-devel-linux-x86_64-fedora-clang | 1.2.4 | 23.00 | 164.88 | 187.88 | OK | |
r-devel-linux-x86_64-fedora-gcc | 1.2.4 | 52.00 | 142.67 | 194.67 | OK | |
r-devel-windows-x86_64 | 1.2.4 | 13.00 | 118.00 | 131.00 | OK | |
r-patched-linux-x86_64 | 1.2.4 | 11.23 | 107.54 | 118.77 | OK | |
r-release-linux-x86_64 | 1.2.4 | 11.15 | 104.92 | 116.07 | OK | |
r-release-macos-arm64 | 1.2.4 | 7.00 | 65.00 | 72.00 | OK | |
r-release-macos-x86_64 | 1.2.4 | 9.00 | 80.00 | 89.00 | OK | |
r-release-windows-x86_64 | 1.2.4 | 13.00 | 118.00 | 131.00 | OK | |
r-oldrel-macos-arm64 | 1.2.4 | 5.00 | 41.00 | 46.00 | OK | |
r-oldrel-macos-x86_64 | 1.2.4 | 10.00 | 70.00 | 80.00 | OK | |
r-oldrel-windows-x86_64 | 1.2.4 | 19.00 | 152.00 | 171.00 | OK |
Version: 1.2.4
Check: CRAN incoming feasibility
Result: NOTE
Maintainer: ‘Mikhail V. Matz <matz@utexas.edu>’
No Authors@R field in DESCRIPTION.
Please add one, modifying
Authors@R: person(given = c("Mikhail", "V."),
family = "Matz",
role = c("aut", "cre"),
email = "matz@utexas.edu")
as necessary.
Flavors: r-devel-linux-x86_64-debian-clang, r-devel-linux-x86_64-debian-gcc