Last updated on 2025-10-24 18:50:00 CEST.
| Flavor | Version | Tinstall | Tcheck | Ttotal | Status | Flags |
|---|---|---|---|---|---|---|
| r-devel-linux-x86_64-debian-clang | 0.4.2 | 72.72 | 63.57 | 136.29 | OK | |
| r-devel-linux-x86_64-debian-gcc | 0.4.2 | 56.66 | 50.56 | 107.22 | OK | |
| r-devel-linux-x86_64-fedora-clang | 0.4.2 | 102.00 | 128.07 | 230.07 | OK | |
| r-devel-linux-x86_64-fedora-gcc | 0.4.2 | 269.00 | 11.98 | 280.98 | OK | |
| r-devel-windows-x86_64 | 0.4.2 | 81.00 | 93.00 | 174.00 | OK | |
| r-patched-linux-x86_64 | 0.4.2 | 79.19 | 64.77 | 143.96 | OK | |
| r-release-linux-x86_64 | 0.4.2 | 75.87 | 65.10 | 140.97 | OK | |
| r-release-macos-arm64 | 0.4.2 | 29.00 | 51.00 | 80.00 | OK | |
| r-release-macos-x86_64 | 0.4.2 | 40.00 | 69.00 | 109.00 | OK | |
| r-release-windows-x86_64 | 0.4.2 | 85.00 | 96.00 | 181.00 | OK | |
| r-oldrel-macos-arm64 | 0.4.2 | 30.00 | 39.00 | 69.00 | NOTE | |
| r-oldrel-macos-x86_64 | 0.4.2 | 37.00 | 113.00 | 150.00 | NOTE | |
| r-oldrel-windows-x86_64 | 0.4.2 | 98.00 | 123.00 | 221.00 | OK |
Version: 0.4.2
Check: installed package size
Result: NOTE
installed size is 20.0Mb
sub-directories of 1Mb or more:
libs 19.5Mb
Flavors: r-oldrel-macos-arm64, r-oldrel-macos-x86_64