Last updated on 2025-10-22 23:50:01 CEST.
Flavor | Version | Tinstall | Tcheck | Ttotal | Status | Flags |
---|---|---|---|---|---|---|
r-devel-linux-x86_64-debian-clang | 0.5.2 | 8.52 | 89.71 | 98.23 | NOTE | |
r-devel-linux-x86_64-debian-gcc | 0.5.2 | 6.44 | 65.03 | 71.47 | OK | |
r-devel-linux-x86_64-fedora-clang | 0.5.2 | 19.00 | 131.81 | 150.81 | OK | |
r-devel-linux-x86_64-fedora-gcc | 0.5.2 | 36.00 | 134.81 | 170.81 | OK | |
r-devel-windows-x86_64 | 0.5.2 | 10.00 | 96.00 | 106.00 | OK | |
r-patched-linux-x86_64 | 0.5.2 | 7.97 | 85.99 | 93.96 | OK | |
r-release-linux-x86_64 | 0.5.2 | 7.23 | 85.18 | 92.41 | OK | |
r-release-macos-arm64 | 0.5.2 | 4.00 | 51.00 | 55.00 | OK | |
r-release-macos-x86_64 | 0.5.2 | 10.00 | 75.00 | 85.00 | OK | |
r-release-windows-x86_64 | 0.5.2 | 11.00 | 100.00 | 111.00 | OK | |
r-oldrel-macos-arm64 | 0.5.2 | 4.00 | 47.00 | 51.00 | OK | |
r-oldrel-macos-x86_64 | 0.5.2 | 6.00 | 70.00 | 76.00 | OK | |
r-oldrel-windows-x86_64 | 0.5.2 | 14.00 | 121.00 | 135.00 | OK |
Version: 0.5.2
Check: HTML version of manual
Result: NOTE
Found the following HTML validation problems:
dot-hat.html:46:1 (dot-hat.Rd:10): Warning: missing </ul> before </div>
dot-mdmr.permstats.html:66:1 (dot-mdmr.permstats.Rd:20): Warning: missing </ul> before </div>
dot-pseudo.r2.html:63:1 (dot-pseudo.r2.Rd:19): Warning: missing </ul> before </div>
Flavor: r-devel-linux-x86_64-debian-clang