CRAN Package Check Results for Package MDSS

Last updated on 2025-10-21 17:49:53 CEST.

Flavor Version Tinstall Tcheck Ttotal Status Flags
r-devel-linux-x86_64-debian-clang 1.0-1 1.96 23.31 25.27 NOTE
r-devel-linux-x86_64-debian-gcc 1.0-1 1.91 18.05 19.96 NOTE
r-devel-linux-x86_64-fedora-clang 1.0-1 38.45 OK
r-devel-linux-x86_64-fedora-gcc 1.0-1 38.00 OK
r-devel-windows-x86_64 1.0-1 3.00 40.00 43.00 OK
r-patched-linux-x86_64 1.0-1 2.34 21.45 23.79 OK
r-release-linux-x86_64 1.0-1 2.48 22.00 24.48 OK
r-release-macos-arm64 1.0-1 2.00 17.00 19.00 OK
r-release-macos-x86_64 1.0-1 2.00 25.00 27.00 OK
r-release-windows-x86_64 1.0-1 3.00 45.00 48.00 OK
r-oldrel-macos-arm64 1.0-1 1.00 14.00 15.00 OK
r-oldrel-macos-x86_64 1.0-1 3.00 20.00 23.00 OK
r-oldrel-windows-x86_64 1.0-1 4.00 43.00 47.00 OK

Check Details

Version: 1.0-1
Check: CRAN incoming feasibility
Result: NOTE Maintainer: ‘Takumi Tsutaya <tsutayatakumi@gmail.com>’ No Authors@R field in DESCRIPTION. Please add one, modifying Authors@R: person(given = "Takumi", family = "Tsutaya", role = c("aut", "cre"), email = "tsutayatakumi@gmail.com", comment = c(ORCID = "0000-0001-5104-5223")) as necessary. Flavors: r-devel-linux-x86_64-debian-clang, r-devel-linux-x86_64-debian-gcc