Last updated on 2025-10-21 17:49:53 CEST.
Flavor | Version | Tinstall | Tcheck | Ttotal | Status | Flags |
---|---|---|---|---|---|---|
r-devel-linux-x86_64-debian-clang | 1.0.1.1 | 33.27 | 46.01 | 79.28 | NOTE | |
r-devel-linux-x86_64-debian-gcc | 1.0.1.1 | 20.43 | 33.83 | 54.26 | NOTE | |
r-devel-linux-x86_64-fedora-clang | 1.0.1.1 | 68.00 | 70.99 | 138.99 | OK | |
r-devel-linux-x86_64-fedora-gcc | 1.0.1.1 | 102.00 | 49.62 | 151.62 | OK | |
r-devel-windows-x86_64 | 1.0.1.1 | 40.00 | 85.00 | 125.00 | OK | |
r-patched-linux-x86_64 | 1.0.1.1 | 32.77 | 43.72 | 76.49 | OK | |
r-release-linux-x86_64 | 1.0.1.1 | 30.86 | 43.00 | 73.86 | OK | |
r-release-macos-arm64 | 1.0.1.1 | 15.00 | 41.00 | 56.00 | OK | |
r-release-macos-x86_64 | 1.0.1.1 | 16.00 | 53.00 | 69.00 | OK | |
r-release-windows-x86_64 | 1.0.1.1 | 42.00 | 89.00 | 131.00 | OK | |
r-oldrel-macos-arm64 | 1.0.1.1 | 14.00 | 30.00 | 44.00 | OK | |
r-oldrel-macos-x86_64 | 1.0.1.1 | 15.00 | 41.00 | 56.00 | OK | |
r-oldrel-windows-x86_64 | 1.0.1.1 | 47.00 | 102.00 | 149.00 | OK |
Version: 1.0.1.1
Check: HTML version of manual
Result: NOTE
Found the following HTML validation problems:
logLik.mix.html:51:1 (logLik.mix.Rd:12): Warning: missing </ul> before </div>
logLik.mvn.html:51:1 (logLik.mvn.Rd:12): Warning: missing </ul> before </div>
mean.mix.html:51:1 (mean.mix.Rd:12): Warning: missing </ul> before </div>
mean.mvn.html:51:1 (mean.mvn.Rd:12): Warning: missing </ul> before </div>
mix-method.html:47:1 (mix-method.Rd:10): Warning: missing </ul> before </div>
mvn-method.html:47:1 (mvn-method.Rd:10): Warning: missing </ul> before </div>
print.mix.html:51:1 (print.mix.Rd:12): Warning: missing </ul> before </div>
print.mvn.html:51:1 (print.mvn.Rd:12): Warning: missing </ul> before </div>
vcov.mix.html:51:1 (vcov.mix.Rd:12): Warning: missing </ul> before </div>
vcov.mvn.html:51:1 (vcov.mvn.Rd:12): Warning: missing </ul> before </div>
Flavors: r-devel-linux-x86_64-debian-clang, r-devel-linux-x86_64-debian-gcc