Last updated on 2025-10-24 18:50:00 CEST.
| Flavor | Version | Tinstall | Tcheck | Ttotal | Status | Flags |
|---|---|---|---|---|---|---|
| r-devel-linux-x86_64-debian-clang | 0.2.0 | 1.76 | 25.82 | 27.58 | NOTE | |
| r-devel-linux-x86_64-debian-gcc | 0.2.0 | 1.30 | 21.21 | 22.51 | NOTE | |
| r-devel-linux-x86_64-fedora-clang | 0.2.0 | 39.41 | OK | |||
| r-devel-linux-x86_64-fedora-gcc | 0.2.0 | 57.51 | OK | |||
| r-devel-windows-x86_64 | 0.2.0 | 3.00 | 49.00 | 52.00 | OK | |
| r-patched-linux-x86_64 | 0.2.0 | 1.92 | 23.12 | 25.04 | OK | |
| r-release-linux-x86_64 | 0.2.0 | 1.83 | 23.03 | 24.86 | OK | |
| r-release-macos-arm64 | 0.2.0 | 1.00 | 23.00 | 24.00 | OK | |
| r-release-macos-x86_64 | 0.2.0 | 2.00 | 41.00 | 43.00 | OK | |
| r-release-windows-x86_64 | 0.2.0 | 3.00 | 44.00 | 47.00 | OK | |
| r-oldrel-macos-arm64 | 0.2.0 | 1.00 | 22.00 | 23.00 | OK | |
| r-oldrel-macos-x86_64 | 0.2.0 | 2.00 | 35.00 | 37.00 | OK | |
| r-oldrel-windows-x86_64 | 0.2.0 | 3.00 | 49.00 | 52.00 | OK |
Version: 0.2.0
Check: CRAN incoming feasibility
Result: NOTE
Maintainer: ‘Mikhail Popov <mikhail@mpopov.com>’
Found the following (possibly) invalid file URI:
URI: CONDUCT.md
From: README.md
Flavors: r-devel-linux-x86_64-debian-clang, r-devel-linux-x86_64-debian-gcc