Last updated on 2025-10-24 18:50:00 CEST.
| Flavor | Version | Tinstall | Tcheck | Ttotal | Status | Flags |
|---|---|---|---|---|---|---|
| r-devel-linux-x86_64-debian-clang | 0.1.5 | 123.96 | 133.46 | 257.42 | OK | |
| r-devel-linux-x86_64-debian-gcc | 0.1.5 | 97.61 | 95.69 | 193.30 | OK | |
| r-devel-linux-x86_64-fedora-clang | 0.1.5 | 224.00 | 161.16 | 385.16 | OK | |
| r-devel-linux-x86_64-fedora-gcc | 0.1.5 | 780.00 | -278.49 | 501.51 | OK | |
| r-devel-windows-x86_64 | 0.1.5 | 115.00 | 151.00 | 266.00 | OK | |
| r-patched-linux-x86_64 | 0.1.5 | 135.06 | 131.58 | 266.64 | OK | |
| r-release-linux-x86_64 | 0.1.5 | 129.64 | 130.14 | 259.78 | OK | |
| r-release-macos-arm64 | 0.1.5 | 71.00 | 57.00 | 128.00 | OK | |
| r-release-macos-x86_64 | 0.1.5 | 125.00 | 110.00 | 235.00 | OK | |
| r-release-windows-x86_64 | 0.1.5 | 123.00 | 151.00 | 274.00 | OK | |
| r-oldrel-macos-arm64 | 0.1.5 | 64.00 | 59.00 | 123.00 | NOTE | |
| r-oldrel-macos-x86_64 | 0.1.5 | 102.00 | 96.00 | 198.00 | NOTE | |
| r-oldrel-windows-x86_64 | 0.1.5 | 142.00 | 199.00 | 341.00 | NOTE |
Version: 0.1.5
Check: installed package size
Result: NOTE
installed size is 50.2Mb
sub-directories of 1Mb or more:
libs 49.7Mb
Flavors: r-oldrel-macos-arm64, r-oldrel-macos-x86_64, r-oldrel-windows-x86_64