Last updated on 2025-10-21 17:49:54 CEST.
Flavor | Version | Tinstall | Tcheck | Ttotal | Status | Flags |
---|---|---|---|---|---|---|
r-devel-linux-x86_64-debian-clang | 0.1.1 | 9.68 | 68.40 | 78.08 | NOTE | |
r-devel-linux-x86_64-debian-gcc | 0.1.1 | 6.76 | 51.45 | 58.21 | NOTE | |
r-devel-linux-x86_64-fedora-clang | 0.1.1 | 19.00 | 99.43 | 118.43 | OK | |
r-devel-linux-x86_64-fedora-gcc | 0.1.1 | 47.00 | 76.23 | 123.23 | OK | |
r-devel-windows-x86_64 | 0.1.1 | 10.00 | 74.00 | 84.00 | OK | |
r-patched-linux-x86_64 | 0.1.1 | 9.42 | 65.54 | 74.96 | OK | |
r-release-linux-x86_64 | 0.1.1 | 9.15 | 65.88 | 75.03 | OK | |
r-release-macos-arm64 | 0.1.1 | 5.00 | 38.00 | 43.00 | OK | |
r-release-macos-x86_64 | 0.1.1 | 9.00 | 64.00 | 73.00 | OK | |
r-release-windows-x86_64 | 0.1.1 | 11.00 | 77.00 | 88.00 | OK | |
r-oldrel-macos-arm64 | 0.1.1 | 5.00 | 39.00 | 44.00 | OK | |
r-oldrel-macos-x86_64 | 0.1.1 | 8.00 | 61.00 | 69.00 | OK | |
r-oldrel-windows-x86_64 | 0.1.1 | 14.00 | 93.00 | 107.00 | OK |
Version: 0.1.1
Check: HTML version of manual
Result: NOTE
Found the following HTML validation problems:
MMeM_terms.html:57:1 (MMeM_terms.Rd:17): Warning: missing </ul> before </div>
Flavors: r-devel-linux-x86_64-debian-clang, r-devel-linux-x86_64-debian-gcc