Last updated on 2025-10-24 11:50:52 CEST.
| Flavor | Version | Tinstall | Tcheck | Ttotal | Status | Flags |
|---|---|---|---|---|---|---|
| r-devel-linux-x86_64-debian-clang | 0.1-6 | 16.19 | 42.30 | 58.49 | NOTE | |
| r-devel-linux-x86_64-debian-gcc | 0.1-6 | 11.41 | 33.71 | 45.12 | NOTE | |
| r-devel-linux-x86_64-fedora-clang | 0.1-6 | 37.00 | 53.02 | 90.02 | OK | |
| r-devel-linux-x86_64-fedora-gcc | 0.1-6 | 96.00 | 15.45 | 111.45 | OK | |
| r-devel-windows-x86_64 | 0.1-6 | 22.00 | 96.00 | 118.00 | OK | |
| r-patched-linux-x86_64 | 0.1-6 | 16.69 | 40.93 | 57.62 | OK | |
| r-release-linux-x86_64 | 0.1-6 | 17.70 | 40.85 | 58.55 | OK | |
| r-release-macos-arm64 | 0.1-6 | 7.00 | 30.00 | 37.00 | OK | |
| r-release-macos-x86_64 | 0.1-6 | 13.00 | 56.00 | 69.00 | OK | |
| r-release-windows-x86_64 | 0.1-6 | 21.00 | 99.00 | 120.00 | OK | |
| r-oldrel-macos-arm64 | 0.1-6 | 7.00 | 28.00 | 35.00 | OK | |
| r-oldrel-macos-x86_64 | 0.1-6 | 12.00 | 46.00 | 58.00 | OK | |
| r-oldrel-windows-x86_64 | 0.1-6 | 23.00 | 104.00 | 127.00 | OK |
Version: 0.1-6
Check: CRAN incoming feasibility
Result: NOTE
Maintainer: ‘Ignacio López-de-Ullibarri <ignacio.lopezdeullibarri@udc.es>’
No Authors@R field in DESCRIPTION.
Please add one, modifying
Authors@R: person(given = "Ignacio",
family = "López-de-Ullibarri",
role = c("aut", "cre"),
email = "ignacio.lopezdeullibarri@udc.es")
as necessary.
Flavors: r-devel-linux-x86_64-debian-clang, r-devel-linux-x86_64-debian-gcc