Last updated on 2025-10-21 17:49:54 CEST.
Flavor | Version | Tinstall | Tcheck | Ttotal | Status | Flags |
---|---|---|---|---|---|---|
r-devel-linux-x86_64-debian-clang | 1.1.4 | 3072.86 | 72.67 | 3145.53 | NOTE | |
r-devel-linux-x86_64-debian-gcc | 1.1.4 | 987.47 | 50.50 | 1037.97 | NOTE | |
r-devel-linux-x86_64-fedora-clang | 1.1.4 | 4980.00 | 1806.21 | 6786.21 | OK | |
r-devel-linux-x86_64-fedora-gcc | 1.1.4 | 3240.00 | -638.58 | 2601.42 | OK | |
r-patched-linux-x86_64 | 1.1.4 | 2667.55 | 68.06 | 2735.61 | OK | |
r-release-linux-x86_64 | 1.1.4 | 2660.43 | 68.04 | 2728.47 | OK | |
r-release-macos-arm64 | 1.1.4 | 506.00 | 23.00 | 529.00 | OK | |
r-release-macos-x86_64 | 1.1.4 | 1200.00 | 12.00 | 1212.00 | OK | |
r-oldrel-macos-arm64 | 1.1.4 | 660.00 | 5.00 | 665.00 | NOTE | |
r-oldrel-macos-x86_64 | 1.1.4 | 1200.00 | 71.00 | 1271.00 | NOTE |
Version: 1.1.4
Check: HTML version of manual
Result: NOTE
Found the following HTML validation problems:
DeepCopy.html:62:1 (DeepCopy.Rd:30): Warning: <h4> anchor "copy" already defined
Flavors: r-devel-linux-x86_64-debian-clang, r-devel-linux-x86_64-debian-gcc
Version: 1.1.4
Check: installed package size
Result: NOTE
installed size is 5.6Mb
sub-directories of 1Mb or more:
libs 5.0Mb
Flavors: r-oldrel-macos-arm64, r-oldrel-macos-x86_64