CRAN Package Check Results for Package MRCE

Last updated on 2025-10-22 23:50:02 CEST.

Flavor Version Tinstall Tcheck Ttotal Status Flags
r-devel-linux-x86_64-debian-clang 2.4 2.43 22.16 24.59 NOTE
r-devel-linux-x86_64-debian-gcc 2.4 2.07 17.58 19.65 NOTE
r-devel-linux-x86_64-fedora-clang 2.4 35.34 OK
r-devel-linux-x86_64-fedora-gcc 2.4 36.54 OK
r-devel-windows-x86_64 2.4 6.00 40.00 46.00 OK
r-patched-linux-x86_64 2.4 2.43 20.92 23.35 OK
r-release-linux-x86_64 2.4 2.01 20.77 22.78 OK
r-release-macos-arm64 2.4 3.00 18.00 21.00 OK
r-release-macos-x86_64 2.4 5.00 28.00 33.00 OK
r-release-windows-x86_64 2.4 6.00 42.00 48.00 OK
r-oldrel-macos-arm64 2.4 3.00 14.00 17.00 OK
r-oldrel-macos-x86_64 2.4 3.00 22.00 25.00 OK
r-oldrel-windows-x86_64 2.4 6.00 41.00 47.00 OK

Check Details

Version: 2.4
Check: CRAN incoming feasibility
Result: NOTE Maintainer: ‘Adam J. Rothman <arothman@umn.edu>’ No Authors@R field in DESCRIPTION. Please add one, modifying Authors@R: person(given = c("Adam", "J."), family = "Rothman", role = c("aut", "cre"), email = "arothman@umn.edu") as necessary. Flavors: r-devel-linux-x86_64-debian-clang, r-devel-linux-x86_64-debian-gcc