CRAN Package Check Results for Package MTAFT

Last updated on 2025-10-21 17:49:54 CEST.

Flavor Version Tinstall Tcheck Ttotal Status Flags
r-devel-linux-x86_64-debian-clang 0.1.0 8.30 60.51 68.81 NOTE
r-devel-linux-x86_64-debian-gcc 0.1.0 5.76 45.42 51.18 NOTE
r-devel-linux-x86_64-fedora-clang 0.1.0 16.00 84.96 100.96 OK
r-devel-linux-x86_64-fedora-gcc 0.1.0 46.00 62.34 108.34 OK
r-devel-windows-x86_64 0.1.0 8.00 72.00 80.00 NOTE
r-patched-linux-x86_64 0.1.0 7.02 57.00 64.02 NOTE
r-release-linux-x86_64 0.1.0 6.29 57.25 63.54 NOTE
r-release-macos-arm64 0.1.0 5.00 30.00 35.00 OK
r-release-macos-x86_64 0.1.0 7.00 50.00 57.00 OK
r-release-windows-x86_64 0.1.0 8.00 74.00 82.00 NOTE
r-oldrel-macos-arm64 0.1.0 3.00 28.00 31.00 OK
r-oldrel-macos-x86_64 0.1.0 6.00 42.00 48.00 OK
r-oldrel-windows-x86_64 0.1.0 11.00 87.00 98.00 OK

Check Details

Version: 0.1.0
Check: Rd cross-references
Result: NOTE Found the following Rd file(s) with Rd \link{} targets missing package anchors: TSMCP.Rd: grpreg Please provide package anchors for all Rd \link{} targets not in the package itself and the base packages. Flavors: r-devel-linux-x86_64-debian-clang, r-devel-linux-x86_64-debian-gcc, r-devel-windows-x86_64, r-patched-linux-x86_64, r-release-linux-x86_64, r-release-windows-x86_64