Last updated on 2025-10-21 23:50:59 CEST.
Flavor | Version | Tinstall | Tcheck | Ttotal | Status | Flags |
---|---|---|---|---|---|---|
r-devel-linux-x86_64-debian-clang | 1.0.3 | 1.76 | 59.31 | 61.07 | NOTE | |
r-devel-linux-x86_64-debian-gcc | 1.0.3 | 1.51 | 46.10 | 47.61 | NOTE | |
r-devel-linux-x86_64-fedora-clang | 1.0.3 | 85.59 | OK | |||
r-devel-linux-x86_64-fedora-gcc | 1.0.3 | 104.11 | OK | |||
r-devel-windows-x86_64 | 1.0.3 | 3.00 | 104.00 | 107.00 | OK | |
r-patched-linux-x86_64 | 1.0.3 | 2.06 | 55.65 | 57.71 | OK | |
r-release-linux-x86_64 | 1.0.3 | 1.82 | 55.32 | 57.14 | OK | |
r-release-macos-arm64 | 1.0.3 | 1.00 | 50.00 | 51.00 | OK | |
r-release-macos-x86_64 | 1.0.3 | 2.00 | 77.00 | 79.00 | OK | |
r-release-windows-x86_64 | 1.0.3 | 3.00 | 110.00 | 113.00 | OK | |
r-oldrel-macos-arm64 | 1.0.3 | 1.00 | 39.00 | 40.00 | OK | |
r-oldrel-macos-x86_64 | 1.0.3 | 2.00 | 103.00 | 105.00 | OK | |
r-oldrel-windows-x86_64 | 1.0.3 | 4.00 | 111.00 | 115.00 | OK |
Version: 1.0.3
Check: CRAN incoming feasibility
Result: NOTE
Maintainer: ‘Steven E. Pav <shabbychef@gmail.com>’
The Description field contains
<arxiv:1312.0557>.
Please refer to arXiv e-prints via their arXiv DOI <doi:10.48550/arXiv.YYMM.NNNNN>.
Flavors: r-devel-linux-x86_64-debian-clang, r-devel-linux-x86_64-debian-gcc
Version: 1.0.3
Check: HTML version of manual
Result: NOTE
Found the following HTML validation problems:
NEWS.html:104:87 (NEWS.Rd:58): Warning: missing </p> before <a>
NEWS.html:104:5 (NEWS.Rd:58): Warning: missing </a> before <a>
NEWS.html:104:223 (NEWS.Rd:58): Warning: inserting implicit <p>
NEWS.html:104:227 (NEWS.Rd:58): Warning: discarding unexpected </a>
NEWS.html:105:87 (NEWS.Rd:58): Warning: missing </p> before <a>
NEWS.html:105:5 (NEWS.Rd:58): Warning: missing </a> before <a>
NEWS.html:105:223 (NEWS.Rd:58): Warning: inserting implicit <p>
NEWS.html:105:227 (NEWS.Rd:58): Warning: discarding unexpected </a>
NEWS.html:106:87 (NEWS.Rd:58): Warning: missing </p> before <a>
NEWS.html:106:5 (NEWS.Rd:58): Warning: missing </a> before <a>
NEWS.html:106:223 (NEWS.Rd:58): Warning: inserting implicit <p>
NEWS.html:106:227 (NEWS.Rd:58): Warning: discarding unexpected </a>
NEWS.html:107:88 (NEWS.Rd:58): Warning: missing </p> before <a>
NEWS.html:107:5 (NEWS.Rd:58): Warning: missing </a> before <a>
NEWS.html:107:225 (NEWS.Rd:58): Warning: inserting implicit <p>
NEWS.html:107:229 (NEWS.Rd:58): Warning: discarding unexpected </a>
NEWS.html:108:88 (NEWS.Rd:58): Warning: missing </p> before <a>
NEWS.html:108:5 (NEWS.Rd:58): Warning: missing </a> before <a>
NEWS.html:108:225 (NEWS.Rd:58): Warning: inserting implicit <p>
NEWS.html:108:229 (NEWS.Rd:58): Warning: discarding unexpected </a>
NEWS.html:109:88 (NEWS.Rd:58): Warning: missing </p> before <a>
NEWS.html:109:5 (NEWS.Rd:58): Warning: missing </a> before <a>
NEWS.html:109:225 (NEWS.Rd:58): Warning: inserting implicit <p>
NEWS.html:109:229 (NEWS.Rd:58): Warning: discarding unexpected </a>
NEWS.html:110:85 (NEWS.Rd:58): Warning: missing </p> before <a>
NEWS.html:110:5 (NEWS.Rd:58): Warning: missing </a> before <a>
NEWS.html:110:219 (NEWS.Rd:58): Warning: inserting implicit <p>
NEWS.html:110:223 (NEWS.Rd:58): Warning: discarding unexpected </a>
NEWS.html:104:223 (NEWS.Rd:58): Warning: trimming empty <p>
NEWS.html:105:223 (NEWS.Rd:58): Warning: trimming empty <p>
NEWS.html:106:223 (NEWS.Rd:58): Warning: trimming empty <p>
NEWS.html:107:225 (NEWS.Rd:58): Warning: trimming empty <p>
NEWS.html:108:225 (NEWS.Rd:58): Warning: trimming empty <p>
NEWS.html:109:225 (NEWS.Rd:58): Warning: trimming empty <p>
NEWS.html:110:85 (NEWS.Rd:58): Warning: trimming empty <p>
NEWS.html:110:219 (NEWS.Rd:58): Warning: trimming empty <p>
Flavors: r-devel-linux-x86_64-debian-clang, r-devel-linux-x86_64-debian-gcc