Last updated on 2025-10-21 11:53:29 CEST.
Flavor | Version | Tinstall | Tcheck | Ttotal | Status | Flags |
---|---|---|---|---|---|---|
r-devel-linux-x86_64-debian-clang | 4.7.2 | 106.60 | 184.43 | 291.03 | OK | |
r-devel-linux-x86_64-debian-gcc | 4.7.2 | 80.73 | 134.05 | 214.78 | OK | |
r-devel-linux-x86_64-fedora-clang | 4.7.2 | 483.88 | OK | |||
r-devel-linux-x86_64-fedora-gcc | 4.7.2 | 346.00 | 197.13 | 543.13 | OK | |
r-devel-windows-x86_64 | 4.7.2 | 121.00 | 198.00 | 319.00 | OK | |
r-patched-linux-x86_64 | 4.7.2 | 120.00 | 176.22 | 296.22 | OK | |
r-release-linux-x86_64 | 4.7.2 | 118.49 | 175.94 | 294.43 | OK | |
r-release-macos-arm64 | 4.7.2 | 120.00 | OK | |||
r-release-macos-x86_64 | 4.7.2 | 35.00 | 155.00 | 190.00 | OK | |
r-release-windows-x86_64 | 4.7.2 | 123.00 | 190.00 | 313.00 | OK | |
r-oldrel-macos-arm64 | 4.7.2 | 118.00 | NOTE | |||
r-oldrel-macos-x86_64 | 4.7.2 | 189.00 | NOTE | |||
r-oldrel-windows-x86_64 | 4.7.2 | 146.00 | 240.00 | 386.00 | NOTE |
Version: 4.7.2
Check: package dependencies
Result: NOTE
Package suggested but not available for checking: ‘gurobi’
Flavors: r-oldrel-macos-arm64, r-oldrel-macos-x86_64, r-oldrel-windows-x86_64
Version: 4.7.2
Check: installed package size
Result: NOTE
installed size is 9.1Mb
sub-directories of 1Mb or more:
doc 1.3Mb
libs 6.6Mb
Flavors: r-oldrel-macos-arm64, r-oldrel-macos-x86_64