Last updated on 2025-10-24 18:50:00 CEST.
| Flavor | Version | Tinstall | Tcheck | Ttotal | Status | Flags |
|---|---|---|---|---|---|---|
| r-devel-linux-x86_64-debian-clang | 0.5-4 | 10.18 | 65.85 | 76.03 | OK | |
| r-devel-linux-x86_64-debian-gcc | 0.5-4 | 6.40 | 50.20 | 56.60 | OK | |
| r-devel-linux-x86_64-fedora-clang | 0.5-4 | 20.00 | 95.11 | 115.11 | OK | |
| r-devel-linux-x86_64-fedora-gcc | 0.5-4 | 46.00 | 70.67 | 116.67 | OK | |
| r-devel-windows-x86_64 | 0.5-4 | 10.00 | 75.00 | 85.00 | OK | |
| r-patched-linux-x86_64 | 0.5-4 | 9.30 | 62.84 | 72.14 | OK | |
| r-release-linux-x86_64 | 0.5-4 | 9.74 | 62.72 | 72.46 | OK | |
| r-release-macos-arm64 | 0.5-4 | 4.00 | 34.00 | 38.00 | OK | |
| r-release-macos-x86_64 | 0.5-4 | 9.00 | 88.00 | 97.00 | OK | |
| r-release-windows-x86_64 | 0.5-4 | 11.00 | 78.00 | 89.00 | OK | |
| r-oldrel-macos-arm64 | 0.5-4 | 4.00 | 35.00 | 39.00 | NOTE | |
| r-oldrel-macos-x86_64 | 0.5-4 | 17.00 | 70.00 | 87.00 | NOTE | |
| r-oldrel-windows-x86_64 | 0.5-4 | 14.00 | 94.00 | 108.00 | NOTE |
Version: 0.5-4
Check: DESCRIPTION meta-information
Result: NOTE
Package listed in more than one of Depends, Imports, Suggests, Enhances:
‘Matrix’
A package should be listed in only one of these fields.
Flavors: r-oldrel-macos-arm64, r-oldrel-macos-x86_64, r-oldrel-windows-x86_64