Last updated on 2025-10-22 23:50:01 CEST.
Flavor | Version | Tinstall | Tcheck | Ttotal | Status | Flags |
---|---|---|---|---|---|---|
r-devel-linux-x86_64-debian-clang | 0.10.0 | 57.84 | 319.39 | 377.23 | NOTE | |
r-devel-linux-x86_64-debian-gcc | 0.10.0 | 44.38 | 191.32 | 235.70 | OK | |
r-devel-linux-x86_64-fedora-clang | 0.10.0 | 138.00 | 481.11 | 619.11 | OK | |
r-devel-linux-x86_64-fedora-gcc | 0.10.0 | 205.00 | 402.27 | 607.27 | OK | |
r-devel-windows-x86_64 | 0.10.0 | 61.00 | 301.00 | 362.00 | OK | |
r-patched-linux-x86_64 | 0.10.0 | 59.03 | 294.85 | 353.88 | OK | |
r-release-linux-x86_64 | 0.10.0 | 60.87 | 292.57 | 353.44 | OK | |
r-release-macos-arm64 | 0.10.0 | 21.00 | 125.00 | 146.00 | OK | |
r-release-macos-x86_64 | 0.10.0 | 51.00 | 263.00 | 314.00 | OK | |
r-release-windows-x86_64 | 0.10.0 | 67.00 | 303.00 | 370.00 | OK | |
r-oldrel-macos-arm64 | 0.10.0 | 24.00 | 125.00 | 149.00 | NOTE | |
r-oldrel-macos-x86_64 | 0.10.0 | 36.00 | 261.00 | 297.00 | NOTE | |
r-oldrel-windows-x86_64 | 0.10.0 | 82.00 | 417.00 | 499.00 | OK |
Version: 0.10.0
Check: HTML version of manual
Result: NOTE
Found the following HTML validation problems:
getter.html:120:1 (getter.Rd:83): Warning: missing </ul> before </div>
values.html:53:1 (values.Rd:18): Warning: missing </ul> before </div>
Flavor: r-devel-linux-x86_64-debian-clang
Version: 0.10.0
Check: installed package size
Result: NOTE
installed size is 5.2Mb
sub-directories of 1Mb or more:
libs 3.6Mb
Flavors: r-oldrel-macos-arm64, r-oldrel-macos-x86_64