Last updated on 2025-10-21 23:51:00 CEST.
Flavor | Version | Tinstall | Tcheck | Ttotal | Status | Flags |
---|---|---|---|---|---|---|
r-devel-linux-x86_64-debian-clang | 1.1.0 | 36.62 | 618.40 | 655.02 | NOTE | |
r-devel-linux-x86_64-debian-gcc | 1.1.0 | 24.58 | 395.09 | 419.67 | NOTE | |
r-devel-linux-x86_64-fedora-clang | 1.1.0 | 166.00 | 940.85 | 1106.85 | OK | |
r-devel-linux-x86_64-fedora-gcc | 1.1.0 | 141.00 | 959.01 | 1100.01 | OK | |
r-devel-windows-x86_64 | 1.1.0 | 33.00 | 582.00 | 615.00 | OK | |
r-patched-linux-x86_64 | 1.1.0 | 29.99 | 590.20 | 620.19 | OK | |
r-release-linux-x86_64 | 1.1.0 | 35.49 | 596.15 | 631.64 | OK | |
r-release-macos-arm64 | 1.1.0 | 15.00 | 226.00 | 241.00 | OK | |
r-release-macos-x86_64 | 1.1.0 | 34.00 | 526.00 | 560.00 | OK | |
r-release-windows-x86_64 | 1.1.0 | 36.00 | 586.00 | 622.00 | OK | |
r-oldrel-macos-arm64 | 1.1.0 | 15.00 | 225.00 | 240.00 | OK | |
r-oldrel-macos-x86_64 | 1.1.0 | 33.00 | 397.00 | 430.00 | OK | |
r-oldrel-windows-x86_64 | 1.1.0 | 47.00 | 764.00 | 811.00 | OK |
Version: 1.1.0
Check: HTML version of manual
Result: NOTE
Found the following HTML validation problems:
aggregate_data.html:65:1 (aggregate_data.Rd:18): Warning: missing </ul> before </div>
calc_anova.html:52:1 (calc_anova.Rd:12): Warning: missing </ul> before </div>
data_imputation.html:58:1 (data_imputation.Rd:15): Warning: missing </ul> before </div>
get_data_range.html:47:1 (get_data_range.Rd:10): Warning: missing </ul> before </div>
open_file.html:47:1 (open_file.Rd:10): Warning: missing </ul> before </div>
read_named_region.html:50:1 (read_named_region.Rd:12): Warning: missing </ul> before </div>
read_quant_status.html:74:1 (read_quant_status.Rd:27): Warning: missing </ul> before </div>
set_threshold.html:50:1 (set_threshold.Rd:12): Warning: missing </ul> before </div>
slice_conc_values.html:55:1 (slice_conc_values.Rd:14): Warning: missing </ul> before </div>
slice_meta_data.html:50:1 (slice_meta_data.Rd:12): Warning: missing </ul> before </div>
slice_metabolites.html:51:1 (slice_metabolites.Rd:12): Warning: missing </ul> before </div>
transform.html:51:1 (transform.Rd:12): Warning: missing </ul> before </div>
unify_hex.html:47:1 (unify_hex.Rd:10): Warning: missing </ul> before </div>
zero_imputation.html:55:1 (zero_imputation.Rd:14): Warning: missing </ul> before </div>
Flavors: r-devel-linux-x86_64-debian-clang, r-devel-linux-x86_64-debian-gcc