Last updated on 2025-10-22 23:50:01 CEST.
Flavor | Version | Tinstall | Tcheck | Ttotal | Status | Flags |
---|---|---|---|---|---|---|
r-devel-linux-x86_64-debian-clang | 1.0.0 | 74.82 | 139.66 | 214.48 | OK | |
r-devel-linux-x86_64-debian-gcc | 1.0.0 | 60.86 | 93.93 | 154.79 | OK | |
r-devel-linux-x86_64-fedora-clang | 1.0.0 | 115.00 | 218.68 | 333.68 | OK | |
r-devel-linux-x86_64-fedora-gcc | 1.0.0 | 169.00 | 182.57 | 351.57 | OK | |
r-devel-windows-x86_64 | 1.0.0 | 74.00 | 155.00 | 229.00 | OK | |
r-patched-linux-x86_64 | 1.0.0 | 79.40 | 135.62 | 215.02 | OK | |
r-release-linux-x86_64 | 1.0.0 | 76.77 | 135.82 | 212.59 | OK | |
r-release-macos-arm64 | 1.0.0 | 30.00 | 52.00 | 82.00 | OK | |
r-release-macos-x86_64 | 1.0.0 | 55.00 | 119.00 | 174.00 | OK | |
r-release-windows-x86_64 | 1.0.0 | 72.00 | 159.00 | 231.00 | OK | |
r-oldrel-macos-arm64 | 1.0.0 | 31.00 | 51.00 | 82.00 | NOTE | |
r-oldrel-macos-x86_64 | 1.0.0 | 47.00 | 106.00 | 153.00 | NOTE | |
r-oldrel-windows-x86_64 | 1.0.0 | 89.00 | 212.00 | 301.00 | OK |
Version: 1.0.0
Check: installed package size
Result: NOTE
installed size is 41.3Mb
sub-directories of 1Mb or more:
libs 41.0Mb
Flavors: r-oldrel-macos-arm64, r-oldrel-macos-x86_64