Last updated on 2025-10-23 05:51:59 CEST.
Flavor | Version | Tinstall | Tcheck | Ttotal | Status | Flags |
---|---|---|---|---|---|---|
r-devel-linux-x86_64-debian-clang | 1.6.64 | 50.89 | 138.22 | 189.11 | NOTE | |
r-devel-linux-x86_64-debian-gcc | 1.6.64 | 33.97 | 85.70 | 119.67 | NOTE | |
r-devel-linux-x86_64-fedora-clang | 1.6.64 | 339.00 | -8.86 | 330.14 | NOTE | |
r-devel-linux-x86_64-fedora-gcc | 1.6.64 | 109.00 | 174.46 | 283.46 | NOTE | |
r-devel-windows-x86_64 | 1.6.64 | 45.00 | 439.00 | 484.00 | NOTE | |
r-patched-linux-x86_64 | 1.6.64 | 51.87 | 131.47 | 183.34 | NOTE | |
r-release-linux-x86_64 | 1.6.64 | 49.66 | 128.45 | 178.11 | NOTE | |
r-release-macos-arm64 | 1.6.64 | 26.00 | 45.00 | 71.00 | NOTE | |
r-release-macos-x86_64 | 1.6.64 | 69.00 | 118.00 | 187.00 | NOTE | |
r-release-windows-x86_64 | 1.6.64 | 46.00 | 140.00 | 186.00 | NOTE | |
r-oldrel-macos-arm64 | 1.6.64 | 23.00 | 40.00 | 63.00 | NOTE | |
r-oldrel-macos-x86_64 | 1.6.64 | 44.00 | 79.00 | 123.00 | NOTE | |
r-oldrel-windows-x86_64 | 1.6.64 | 48.00 | 171.00 | 219.00 | NOTE |
Version: 1.6.64
Check: CRAN incoming feasibility
Result: NOTE
Maintainer: ‘Torsten Pook <torsten.pook@uni-goettingen.de>’
No Authors@R field in DESCRIPTION.
Please add one, modifying
Authors@R: person(given = "Torsten",
family = "Pook",
role = c("aut", "cre"),
email = "torsten.pook@uni-goettingen.de")
as necessary.
Found the following (possibly) invalid URLs:
URL: http:www.mobps.de
From: DESCRIPTION
Message: Invalid URL: missing authority part
Flavors: r-devel-linux-x86_64-debian-clang, r-devel-linux-x86_64-debian-gcc
Version: 1.6.64
Check: Rd files
Result: NOTE
checkRd: (-1) creating.phenotypic.transform.Rd:20: Lost braces
20 | trafo <- function(x){ return(x^2)}
| ^
Flavors: r-devel-linux-x86_64-debian-clang, r-devel-linux-x86_64-debian-gcc, r-devel-linux-x86_64-fedora-clang, r-devel-linux-x86_64-fedora-gcc, r-devel-windows-x86_64, r-patched-linux-x86_64, r-release-linux-x86_64, r-release-macos-arm64, r-release-macos-x86_64, r-release-windows-x86_64, r-oldrel-macos-arm64, r-oldrel-macos-x86_64, r-oldrel-windows-x86_64
Version: 1.6.64
Check: package dependencies
Result: NOTE
Packages suggested but not available for checking:
'doMPI', 'optiSel', 'alstructure'
Packages which this enhances but not available for checking:
'miraculix', 'RandomFieldsUtils', 'MoBPSmaps'
Flavors: r-oldrel-macos-arm64, r-oldrel-macos-x86_64
Version: 1.6.64
Check: package dependencies
Result: NOTE
Package suggested but not available for checking: 'alstructure'
Packages which this enhances but not available for checking:
'miraculix', 'RandomFieldsUtils', 'MoBPSmaps'
Flavor: r-oldrel-windows-x86_64