Last updated on 2025-10-21 17:49:54 CEST.
Flavor | Version | Tinstall | Tcheck | Ttotal | Status | Flags |
---|---|---|---|---|---|---|
r-devel-linux-x86_64-debian-clang | 0.3-10 | 6.17 | 40.67 | 46.84 | NOTE | |
r-devel-linux-x86_64-debian-gcc | 0.3-10 | 4.75 | 29.54 | 34.29 | NOTE | |
r-devel-linux-x86_64-fedora-clang | 0.3-10 | 22.00 | 52.65 | 74.65 | OK | |
r-devel-linux-x86_64-fedora-gcc | 0.3-10 | 19.00 | 49.33 | 68.33 | OK | |
r-devel-windows-x86_64 | 0.3-10 | 9.00 | 64.00 | 73.00 | OK | |
r-patched-linux-x86_64 | 0.3-10 | 7.29 | 38.18 | 45.47 | OK | |
r-release-linux-x86_64 | 0.3-10 | 6.75 | 38.65 | 45.40 | OK | |
r-release-macos-arm64 | 0.3-10 | 5.00 | 21.00 | 26.00 | OK | |
r-release-macos-x86_64 | 0.3-10 | 7.00 | 37.00 | 44.00 | OK | |
r-release-windows-x86_64 | 0.3-10 | 9.00 | 65.00 | 74.00 | OK | |
r-oldrel-macos-arm64 | 0.3-10 | 4.00 | 21.00 | 25.00 | OK | |
r-oldrel-macos-x86_64 | 0.3-10 | 6.00 | 30.00 | 36.00 | OK | |
r-oldrel-windows-x86_64 | 0.3-10 | 9.00 | 64.00 | 73.00 | OK |
Version: 0.3-10
Check: CRAN incoming feasibility
Result: NOTE
Maintainer: ‘Berwin A. Turlach <Berwin.Turlach@gmail.com>’
Package CITATION file contains call(s) to old-style personList() or
as.personList(). Please use c() on person objects instead.
Package CITATION file contains call(s) to old-style citEntry(). Please
use bibentry() instead.
Flavors: r-devel-linux-x86_64-debian-clang, r-devel-linux-x86_64-debian-gcc