Last updated on 2025-10-22 17:49:44 CEST.
Flavor | Version | Tinstall | Tcheck | Ttotal | Status | Flags |
---|---|---|---|---|---|---|
r-devel-linux-x86_64-debian-clang | 1.0.7 | 9.25 | 135.48 | 144.73 | NOTE | |
r-devel-linux-x86_64-debian-gcc | 1.0.7 | 6.83 | 87.49 | 94.32 | NOTE | |
r-devel-linux-x86_64-fedora-clang | 1.0.7 | 19.00 | 196.72 | 215.72 | OK | |
r-devel-linux-x86_64-fedora-gcc | 1.0.7 | 17.00 | 201.69 | 218.69 | OK | |
r-devel-windows-x86_64 | 1.0.7 | 12.00 | 136.00 | 148.00 | OK | |
r-patched-linux-x86_64 | 1.0.7 | 8.39 | 124.20 | 132.59 | OK | |
r-release-linux-x86_64 | 1.0.7 | 8.90 | 124.38 | 133.28 | OK | |
r-release-macos-arm64 | 1.0.7 | 4.00 | 55.00 | 59.00 | OK | |
r-release-macos-x86_64 | 1.0.7 | 6.00 | 97.00 | 103.00 | OK | |
r-release-windows-x86_64 | 1.0.7 | 13.00 | 138.00 | 151.00 | OK | |
r-oldrel-macos-arm64 | 1.0.7 | 5.00 | 62.00 | 67.00 | OK | |
r-oldrel-macos-x86_64 | 1.0.7 | 7.00 | 97.00 | 104.00 | OK | |
r-oldrel-windows-x86_64 | 1.0.7 | 15.00 | 182.00 | 197.00 | OK |
Version: 1.0.7
Check: HTML version of manual
Result: NOTE
Found the following HTML validation problems:
bp_gap.model.html:65:1 (bp_gap.model.Rd:23): Warning: missing </ul> before </div>
compute_CI.html:74:1 (compute_CI.Rd:24): Warning: missing </ul> before </div>
find_fitted_values.html:54:1 (find_fitted_values.Rd:14): Warning: missing </ul> before </div>
find_observed_values.html:46:1 (find_observed_values.Rd:10): Warning: missing </ul> before </div>
find_record_ex.html:46:1 (find_record_ex.Rd:10): Warning: missing </ul> before </div>
find_tau.html:58:1 (find_tau.Rd:16): Warning: missing </ul> before </div>
prepare_data.html:48:1 (prepare_data.Rd:11): Warning: missing </ul> before </div>
prepare_data_for_prediction.html:58:1 (prepare_data_for_prediction.Rd:16): Warning: missing </ul> before </div>
print.DoubleGap.html:51:1 (print.DoubleGap.Rd:12): Warning: missing </ul> before </div>
print.MortalityGaps.data.html:51:1 (print.MortalityGaps.data.Rd:12): Warning: missing </ul> before </div>
print.predict.DoubleGap.html:51:1 (print.predict.DoubleGap.Rd:12): Warning: missing </ul> before </div>
print.summary.DoubleGap.html:51:1 (print.summary.DoubleGap.Rd:12): Warning: missing </ul> before </div>
sex_gap.model.html:61:1 (sex_gap.model.Rd:19): Warning: missing </ul> before </div>
summary.DoubleGap.html:51:1 (summary.DoubleGap.Rd:12): Warning: missing </ul> before </div>
Flavors: r-devel-linux-x86_64-debian-clang, r-devel-linux-x86_64-debian-gcc