CRAN Package Check Results for Package MullerPlot

Last updated on 2025-10-21 17:49:54 CEST.

Flavor Version Tinstall Tcheck Ttotal Status Flags
r-devel-linux-x86_64-debian-clang 0.1.3 2.44 33.76 36.20 NOTE
r-devel-linux-x86_64-debian-gcc 0.1.3 1.66 26.96 28.62 NOTE
r-devel-linux-x86_64-fedora-clang 0.1.3 56.62 NOTE
r-devel-linux-x86_64-fedora-gcc 0.1.3 65.01 NOTE
r-devel-windows-x86_64 0.1.3 5.00 45.00 50.00 NOTE
r-patched-linux-x86_64 0.1.3 2.30 31.21 33.51 NOTE
r-release-linux-x86_64 0.1.3 2.27 31.47 33.74 NOTE
r-release-macos-arm64 0.1.3 2.00 26.00 28.00 NOTE
r-release-macos-x86_64 0.1.3 3.00 65.00 68.00 NOTE
r-release-windows-x86_64 0.1.3 3.00 48.00 51.00 NOTE
r-oldrel-macos-arm64 0.1.3 1.00 21.00 22.00 NOTE
r-oldrel-macos-x86_64 0.1.3 2.00 37.00 39.00 NOTE
r-oldrel-windows-x86_64 0.1.3 5.00 55.00 60.00 NOTE

Check Details

Version: 0.1.3
Check: package subdirectories
Result: NOTE Problems with news in ‘NEWS.md’: No news entries found. Flavors: r-devel-linux-x86_64-debian-clang, r-devel-linux-x86_64-debian-gcc, r-devel-linux-x86_64-fedora-clang, r-devel-linux-x86_64-fedora-gcc, r-devel-windows-x86_64, r-patched-linux-x86_64, r-release-linux-x86_64, r-release-macos-arm64, r-release-macos-x86_64, r-release-windows-x86_64, r-oldrel-macos-arm64, r-oldrel-macos-x86_64, r-oldrel-windows-x86_64