Last updated on 2025-10-22 05:51:18 CEST.
Flavor | Version | Tinstall | Tcheck | Ttotal | Status | Flags |
---|---|---|---|---|---|---|
r-devel-linux-x86_64-debian-clang | 0.1.0 | 6.96 | 55.40 | 62.36 | NOTE | |
r-devel-linux-x86_64-debian-gcc | 0.1.0 | 4.95 | 42.70 | 47.65 | NOTE | |
r-devel-linux-x86_64-fedora-clang | 0.1.0 | 17.00 | 79.91 | 96.91 | OK | |
r-devel-linux-x86_64-fedora-gcc | 0.1.0 | 13.00 | 75.70 | 88.70 | OK | |
r-devel-windows-x86_64 | 0.1.0 | 9.00 | 64.00 | 73.00 | OK | |
r-patched-linux-x86_64 | 0.1.0 | 6.24 | 52.67 | 58.91 | OK | |
r-release-linux-x86_64 | 0.1.0 | 6.26 | 52.38 | 58.64 | OK | |
r-release-macos-arm64 | 0.1.0 | 4.00 | 47.00 | 51.00 | OK | |
r-release-macos-x86_64 | 0.1.0 | 6.00 | 45.00 | 51.00 | OK | |
r-release-windows-x86_64 | 0.1.0 | 9.00 | 65.00 | 74.00 | OK | |
r-oldrel-macos-arm64 | 0.1.0 | 3.00 | 27.00 | 30.00 | NOTE | |
r-oldrel-macos-x86_64 | 0.1.0 | 5.00 | 37.00 | 42.00 | NOTE | |
r-oldrel-windows-x86_64 | 0.1.0 | 10.00 | 79.00 | 89.00 | NOTE |
Version: 0.1.0
Check: CRAN incoming feasibility
Result: NOTE
Maintainer: ‘Fu-Chang Hu <fuchang.hu@gmail.com>’
No Authors@R field in DESCRIPTION.
Please add one, modifying
Authors@R: c(person(given = c("International-Harvard", "Statistical", "Consulting"),
family = "Company",
role = "aut",
email = "nhsc2010@hotmail.com"),
person(given = "Fu-Chang",
family = "Hu",
role = "cre",
email = "fuchang.hu@gmail.com"))
as necessary.
Flavors: r-devel-linux-x86_64-debian-clang, r-devel-linux-x86_64-debian-gcc
Version: 0.1.0
Check: LazyData
Result: NOTE
'LazyData' is specified without a 'data' directory
Flavors: r-oldrel-macos-arm64, r-oldrel-macos-x86_64, r-oldrel-windows-x86_64