Last updated on 2025-10-22 05:51:18 CEST.
Flavor | Version | Tinstall | Tcheck | Ttotal | Status | Flags |
---|---|---|---|---|---|---|
r-devel-linux-x86_64-debian-clang | 1.0.1 | 6.79 | 58.90 | 65.69 | NOTE | |
r-devel-linux-x86_64-debian-gcc | 1.0.1 | 5.53 | 41.65 | 47.18 | NOTE | |
r-devel-linux-x86_64-fedora-clang | 1.0.1 | 15.00 | 91.83 | 106.83 | OK | |
r-devel-linux-x86_64-fedora-gcc | 1.0.1 | 13.00 | 81.77 | 94.77 | OK | |
r-devel-windows-x86_64 | 1.0.1 | 8.00 | 67.00 | 75.00 | OK | |
r-patched-linux-x86_64 | 1.0.1 | 5.76 | 56.46 | 62.22 | OK | |
r-release-linux-x86_64 | 1.0.1 | 5.90 | 55.59 | 61.49 | OK | |
r-release-macos-arm64 | 1.0.1 | 3.00 | 23.00 | 26.00 | OK | |
r-release-macos-x86_64 | 1.0.1 | 6.00 | 47.00 | 53.00 | OK | |
r-release-windows-x86_64 | 1.0.1 | 10.00 | 70.00 | 80.00 | OK | |
r-oldrel-macos-arm64 | 1.0.1 | 3.00 | 22.00 | 25.00 | OK | |
r-oldrel-macos-x86_64 | 1.0.1 | 4.00 | 43.00 | 47.00 | OK | |
r-oldrel-windows-x86_64 | 1.0.1 | 11.00 | 83.00 | 94.00 | OK |
Version: 1.0.1
Check: CRAN incoming feasibility
Result: NOTE
Maintainer: ‘Peifeng Ruan <pruan12@fudan.edu.cn>’
No Authors@R field in DESCRIPTION.
Please add one, modifying
Authors@R: person(given = "Peifeng",
family = "Ruan",
role = c("aut", "cre"),
email = "pruan12@fudan.edu.cn")
as necessary.
Flavors: r-devel-linux-x86_64-debian-clang, r-devel-linux-x86_64-debian-gcc