Last updated on 2025-10-23 05:52:01 CEST.
| Flavor | Version | Tinstall | Tcheck | Ttotal | Status | Flags |
|---|---|---|---|---|---|---|
| r-devel-linux-x86_64-debian-clang | 0.4.0 | 2.82 | 50.86 | 53.68 | OK | |
| r-devel-linux-x86_64-debian-gcc | 0.4.0 | 2.14 | 38.37 | 40.51 | OK | |
| r-devel-linux-x86_64-fedora-clang | 0.4.0 | 81.28 | NOTE | |||
| r-devel-linux-x86_64-fedora-gcc | 0.4.0 | 90.99 | NOTE | |||
| r-devel-windows-x86_64 | 0.4.0 | 5.00 | 60.00 | 65.00 | OK | |
| r-patched-linux-x86_64 | 0.4.0 | 3.02 | 51.85 | 54.87 | OK | |
| r-release-linux-x86_64 | 0.4.0 | 2.87 | 50.95 | 53.82 | OK | |
| r-release-macos-arm64 | 0.4.0 | 2.00 | 38.00 | 40.00 | OK | |
| r-release-macos-x86_64 | 0.4.0 | 6.00 | 137.00 | 143.00 | OK | |
| r-release-windows-x86_64 | 0.4.0 | 5.00 | 63.00 | 68.00 | OK | |
| r-oldrel-macos-arm64 | 0.4.0 | 2.00 | 36.00 | 38.00 | OK | |
| r-oldrel-macos-x86_64 | 0.4.0 | 2.00 | 50.00 | 52.00 | OK | |
| r-oldrel-windows-x86_64 | 0.4.0 | 5.00 | 72.00 | 77.00 | OK |
Version: 0.4.0
Check: dependencies in R code
Result: NOTE
Namespace in Imports field not imported from: ‘nflfastR’
All declared Imports should be used.
Flavors: r-devel-linux-x86_64-fedora-clang, r-devel-linux-x86_64-fedora-gcc