Last updated on 2025-10-22 23:50:03 CEST.
Flavor | Version | Tinstall | Tcheck | Ttotal | Status | Flags |
---|---|---|---|---|---|---|
r-devel-linux-x86_64-debian-clang | 2.4.2 | 5.66 | 55.48 | 61.14 | NOTE | |
r-devel-linux-x86_64-debian-gcc | 2.4.2 | 4.87 | 41.95 | 46.82 | OK | |
r-devel-linux-x86_64-fedora-clang | 2.4.2 | 18.00 | 76.50 | 94.50 | OK | |
r-devel-linux-x86_64-fedora-gcc | 2.4.2 | 14.00 | 74.87 | 88.87 | OK | |
r-devel-windows-x86_64 | 2.4.2 | 7.00 | 72.00 | 79.00 | OK | |
r-patched-linux-x86_64 | 2.4.2 | 5.77 | 53.00 | 58.77 | OK | |
r-release-linux-x86_64 | 2.4.2 | 6.04 | 53.09 | 59.13 | OK | |
r-release-macos-arm64 | 2.4.2 | 3.00 | 27.00 | 30.00 | OK | |
r-release-macos-x86_64 | 2.4.2 | 9.00 | 53.00 | 62.00 | OK | |
r-release-windows-x86_64 | 2.4.2 | 7.00 | 67.00 | 74.00 | OK | |
r-oldrel-macos-arm64 | 2.4.2 | 3.00 | 32.00 | 35.00 | OK | |
r-oldrel-macos-x86_64 | 2.4.2 | 11.00 | 55.00 | 66.00 | OK | |
r-oldrel-windows-x86_64 | 2.4.2 | 9.00 | 80.00 | 89.00 | OK |
Version: 2.4.2
Check: HTML version of manual
Result: NOTE
Found the following HTML validation problems:
H0.html:79:1 (H0.Rd:30): Warning: missing </ul> before </div>
S0.html:85:1 (S0.Rd:33): Warning: missing </ul> before </div>
Sc.html:68:1 (Sc.Rd:24): Warning: missing </ul> before </div>
f1.html:79:1 (f1.Rd:30): Warning: missing </ul> before </div>
f2.html:97:1 (f2.Rd:39): Warning: missing </ul> before </div>
f3.html:97:1 (f3.Rd:39): Warning: missing </ul> before </div>
f4.html:116:1 (f4.Rd:49): Warning: missing </ul> before </div>
m.html:97:1 (m.Rd:39): Warning: missing </ul> before </div>
Flavor: r-devel-linux-x86_64-debian-clang