Last updated on 2025-10-21 23:51:02 CEST.
Flavor | Version | Tinstall | Tcheck | Ttotal | Status | Flags |
---|---|---|---|---|---|---|
r-devel-linux-x86_64-debian-clang | 1.3.6-4 | 8.35 | 33.08 | 41.43 | NOTE | |
r-devel-linux-x86_64-debian-gcc | 1.3.6-4 | 5.72 | 25.55 | 31.27 | NOTE | |
r-devel-linux-x86_64-fedora-clang | 1.3.6-4 | 19.00 | 41.74 | 60.74 | OK | |
r-devel-linux-x86_64-fedora-gcc | 1.3.6-4 | 14.00 | 55.67 | 69.67 | OK | |
r-devel-windows-x86_64 | 1.3.6-4 | 14.00 | 63.00 | 77.00 | OK | |
r-patched-linux-x86_64 | 1.3.6-4 | 6.47 | 31.86 | 38.33 | OK | |
r-release-linux-x86_64 | 1.3.6-4 | 6.01 | 31.25 | 37.26 | OK | |
r-release-macos-arm64 | 1.3.6-4 | 7.00 | 57.00 | 64.00 | OK | |
r-release-macos-x86_64 | 1.3.6-4 | 8.00 | 78.00 | 86.00 | OK | |
r-release-windows-x86_64 | 1.3.6-4 | 17.00 | 84.00 | 101.00 | OK | |
r-oldrel-macos-arm64 | 1.3.6-4 | 5.00 | 53.00 | 58.00 | OK | |
r-oldrel-macos-x86_64 | 1.3.6-4 | 9.00 | 81.00 | 90.00 | OK | |
r-oldrel-windows-x86_64 | 1.3.6-4 | 21.00 | 79.00 | 100.00 | OK |
Version: 1.3.6-4
Check: HTML version of manual
Result: NOTE
Found the following HTML validation problems:
plot.Palm.html:58:1 (plot.Palm.Rd:16): Warning: missing </ul> before </div>
plot.mple.html:53:1 (plot.mple.Rd:14): Warning: missing </ul> before </div>
print.mple.html:72:1 (print.mple.Rd:24): Warning: missing </ul> before </div>
Flavors: r-devel-linux-x86_64-debian-clang, r-devel-linux-x86_64-debian-gcc