CRAN Package Check Results for Package NetDA

Last updated on 2025-10-21 17:49:55 CEST.

Flavor Version Tinstall Tcheck Ttotal Status Flags
r-devel-linux-x86_64-debian-clang 0.2.0 1.67 24.96 26.63 NOTE
r-devel-linux-x86_64-debian-gcc 0.2.0 1.29 20.77 22.06 NOTE
r-devel-linux-x86_64-fedora-clang 0.2.0 41.27 OK
r-devel-linux-x86_64-fedora-gcc 0.2.0 52.66 OK
r-devel-windows-x86_64 0.2.0 2.00 49.00 51.00 OK
r-patched-linux-x86_64 0.2.0 1.59 23.67 25.26 OK
r-release-linux-x86_64 0.2.0 1.45 23.87 25.32 OK
r-release-macos-arm64 0.2.0 1.00 26.00 27.00 OK
r-release-macos-x86_64 0.2.0 2.00 50.00 52.00 OK
r-release-windows-x86_64 0.2.0 3.00 52.00 55.00 OK
r-oldrel-macos-arm64 0.2.0 1.00 25.00 26.00 OK
r-oldrel-macos-x86_64 0.2.0 2.00 42.00 44.00 OK
r-oldrel-windows-x86_64 0.2.0 4.00 53.00 57.00 OK

Check Details

Version: 0.2.0
Check: CRAN incoming feasibility
Result: NOTE Maintainer: ‘Li-Pang Chen <lchen723@nccu.edu.tw>’ No Authors@R field in DESCRIPTION. Please add one, modifying Authors@R: person(given = "Li-Pang", family = "Chen", role = c("aut", "cre"), email = "lchen723@nccu.edu.tw") as necessary. Flavors: r-devel-linux-x86_64-debian-clang, r-devel-linux-x86_64-debian-gcc