Last updated on 2025-10-24 18:50:02 CEST.
| Flavor | Version | Tinstall | Tcheck | Ttotal | Status | Flags |
|---|---|---|---|---|---|---|
| r-devel-linux-x86_64-debian-clang | 1.0.1 | 5.05 | 50.32 | 55.37 | OK | |
| r-devel-linux-x86_64-debian-gcc | 1.0.1 | 3.85 | 38.00 | 41.85 | OK | |
| r-devel-linux-x86_64-fedora-clang | 1.0.1 | 22.00 | 68.28 | 90.28 | NOTE | |
| r-devel-linux-x86_64-fedora-gcc | 1.0.1 | 12.00 | 82.92 | 94.92 | NOTE | |
| r-devel-windows-x86_64 | 1.0.1 | 9.00 | 91.00 | 100.00 | OK | |
| r-patched-linux-x86_64 | 1.0.1 | 7.27 | 48.69 | 55.96 | OK | |
| r-release-linux-x86_64 | 1.0.1 | 5.52 | 48.32 | 53.84 | OK | |
| r-release-macos-arm64 | 1.0.1 | 3.00 | 32.00 | 35.00 | OK | |
| r-release-macos-x86_64 | 1.0.1 | 5.00 | 53.00 | 58.00 | OK | |
| r-release-windows-x86_64 | 1.0.1 | 10.00 | 93.00 | 103.00 | OK | |
| r-oldrel-macos-arm64 | 1.0.1 | 3.00 | 35.00 | 38.00 | OK | |
| r-oldrel-macos-x86_64 | 1.0.1 | 5.00 | 64.00 | 69.00 | OK | |
| r-oldrel-windows-x86_64 | 1.0.1 | 10.00 | 105.00 | 115.00 | OK |
Version: 1.0.1
Check: dependencies in R code
Result: NOTE
Namespace in Imports field not imported from: ‘usethis’
All declared Imports should be used.
Flavors: r-devel-linux-x86_64-fedora-clang, r-devel-linux-x86_64-fedora-gcc