CRAN Package Check Results for Package OptSig

Last updated on 2025-10-21 17:49:56 CEST.

Flavor Version Tinstall Tcheck Ttotal Status Flags
r-devel-linux-x86_64-debian-clang 2.2 2.51 39.50 42.01 NOTE
r-devel-linux-x86_64-debian-gcc 2.2 1.80 28.93 30.73 NOTE
r-devel-linux-x86_64-fedora-clang 2.2 12.00 56.88 68.88 OK
r-devel-linux-x86_64-fedora-gcc 2.2 62.17 OK
r-devel-windows-x86_64 2.2 3.00 66.00 69.00 OK
r-patched-linux-x86_64 2.2 2.39 37.19 39.58 OK
r-release-linux-x86_64 2.2 2.08 37.48 39.56 OK
r-release-macos-arm64 2.2 1.00 21.00 22.00 OK
r-release-macos-x86_64 2.2 2.00 37.00 39.00 OK
r-release-windows-x86_64 2.2 4.00 68.00 72.00 OK
r-oldrel-macos-arm64 2.2 1.00 22.00 23.00 OK
r-oldrel-macos-x86_64 2.2 2.00 31.00 33.00 OK
r-oldrel-windows-x86_64 2.2 4.00 73.00 77.00 OK

Check Details

Version: 2.2
Check: CRAN incoming feasibility
Result: NOTE Maintainer: ‘Jae H. Kim <jaekim8080@gmail.com>’ No Authors@R field in DESCRIPTION. Please add one, modifying Authors@R: person(given = c("Jae", "H."), family = "Kim", role = c("aut", "cre"), email = "jaekim8080@gmail.com") as necessary. Flavors: r-devel-linux-x86_64-debian-clang, r-devel-linux-x86_64-debian-gcc