Last updated on 2025-10-23 23:49:39 CEST.
| Flavor | Version | Tinstall | Tcheck | Ttotal | Status | Flags |
|---|---|---|---|---|---|---|
| r-devel-linux-x86_64-debian-clang | 1.0.1 | 10.45 | 63.67 | 74.12 | OK | |
| r-devel-linux-x86_64-debian-gcc | 1.0.1 | 10.22 | 49.38 | 59.60 | OK | |
| r-devel-linux-x86_64-fedora-clang | 1.0.1 | 28.00 | 86.18 | 114.18 | OK | |
| r-devel-linux-x86_64-fedora-gcc | 1.0.1 | 24.00 | 97.05 | 121.05 | OK | |
| r-devel-windows-x86_64 | 1.0.1 | 15.00 | 76.00 | 91.00 | OK | |
| r-patched-linux-x86_64 | 1.0.1 | 10.33 | 59.33 | 69.66 | OK | |
| r-release-linux-x86_64 | 1.0.1 | 10.40 | 59.57 | 69.97 | OK | |
| r-release-macos-arm64 | 1.0.1 | 5.00 | ERROR | |||
| r-release-macos-x86_64 | 1.0.1 | 14.00 | 79.00 | 93.00 | OK | |
| r-release-windows-x86_64 | 1.0.1 | 15.00 | 81.00 | 96.00 | OK | |
| r-oldrel-macos-arm64 | 1.0.1 | 8.00 | 39.00 | 47.00 | OK | |
| r-oldrel-macos-x86_64 | 1.0.1 | 10.00 | 59.00 | 69.00 | OK | |
| r-oldrel-windows-x86_64 | 1.0.1 | 19.00 | 98.00 | 117.00 | OK |
Version: 1.0.1
Check: package dependencies
Result: ERROR
Package required but not available: ‘org.Hs.eg.db’
See section ‘The DESCRIPTION file’ in the ‘Writing R Extensions’
manual.
Flavor: r-release-macos-arm64