Last updated on 2025-10-24 11:50:54 CEST.
| Flavor | Version | Tinstall | Tcheck | Ttotal | Status | Flags |
|---|---|---|---|---|---|---|
| r-devel-linux-x86_64-debian-clang | 0.1.2 | 18.37 | 793.53 | 811.90 | OK | |
| r-devel-linux-x86_64-debian-gcc | 0.1.2 | 11.02 | 471.38 | 482.40 | OK | |
| r-devel-linux-x86_64-fedora-clang | 0.1.2 | 47.00 | 1336.83 | 1383.83 | OK | |
| r-devel-linux-x86_64-fedora-gcc | 0.1.2 | 40.00 | 1459.09 | 1499.09 | OK | |
| r-devel-windows-x86_64 | 0.1.2 | 20.00 | 698.00 | 718.00 | OK | |
| r-patched-linux-x86_64 | 0.1.2 | 18.93 | 930.76 | 949.69 | OK | |
| r-release-linux-x86_64 | 0.1.2 | 17.04 | 784.88 | 801.92 | OK | |
| r-release-macos-arm64 | 0.1.2 | 8.00 | 275.00 | 283.00 | OK | |
| r-release-macos-x86_64 | 0.1.2 | 15.00 | 719.00 | 734.00 | OK | |
| r-release-windows-x86_64 | 0.1.2 | 20.00 | 754.00 | 774.00 | OK | |
| r-oldrel-macos-arm64 | 0.1.2 | 7.00 | 276.00 | 283.00 | NOTE | |
| r-oldrel-macos-x86_64 | 0.1.2 | 16.00 | 561.00 | 577.00 | NOTE | |
| r-oldrel-windows-x86_64 | 0.1.2 | 26.00 | 1120.00 | 1146.00 | OK |
Version: 0.1.2
Check: installed package size
Result: NOTE
installed size is 5.1Mb
sub-directories of 1Mb or more:
data 2.1Mb
doc 2.0Mb
Flavors: r-oldrel-macos-arm64, r-oldrel-macos-x86_64