Last updated on 2025-10-24 18:50:03 CEST.
| Flavor | Version | Tinstall | Tcheck | Ttotal | Status | Flags |
|---|---|---|---|---|---|---|
| r-devel-linux-x86_64-debian-clang | 0.1.1 | 7.27 | 86.46 | 93.73 | NOTE | |
| r-devel-linux-x86_64-debian-gcc | 0.1.1 | 5.72 | 59.13 | 64.85 | NOTE | |
| r-devel-linux-x86_64-fedora-clang | 0.1.1 | 17.00 | 130.55 | 147.55 | OK | |
| r-devel-linux-x86_64-fedora-gcc | 0.1.1 | 15.00 | 136.81 | 151.81 | OK | |
| r-devel-windows-x86_64 | 0.1.1 | 9.00 | 89.00 | 98.00 | OK | |
| r-patched-linux-x86_64 | 0.1.1 | 7.65 | 80.87 | 88.52 | OK | |
| r-release-linux-x86_64 | 0.1.1 | 7.60 | 79.78 | 87.38 | OK | |
| r-release-macos-arm64 | 0.1.1 | 3.00 | 41.00 | 44.00 | OK | |
| r-release-macos-x86_64 | 0.1.1 | 6.00 | 72.00 | 78.00 | OK | |
| r-release-windows-x86_64 | 0.1.1 | 9.00 | 89.00 | 98.00 | OK | |
| r-oldrel-macos-arm64 | 0.1.1 | 4.00 | 41.00 | 45.00 | OK | |
| r-oldrel-macos-x86_64 | 0.1.1 | 5.00 | 58.00 | 63.00 | OK | |
| r-oldrel-windows-x86_64 | 0.1.1 | 13.00 | 130.00 | 143.00 | OK |
Version: 0.1.1
Check: CRAN incoming feasibility
Result: NOTE
Maintainer: ‘Takahiko Koizumi <takahiko.koizumi@riken.jp>’
No Authors@R field in DESCRIPTION.
Please add one, modifying
Authors@R: c(person(given = "Takahiko",
family = "Koizumi",
role = c("aut", "cre"),
email = "takahiko.koizumi@riken.jp"),
person(given = "Kenta",
family = "Suzuki",
role = "aut"),
person(given = "Yasunori",
family = "Ichihashi",
role = "aut"))
as necessary.
Flavors: r-devel-linux-x86_64-debian-clang, r-devel-linux-x86_64-debian-gcc