Last updated on 2025-10-24 18:50:03 CEST.
| Flavor | Version | Tinstall | Tcheck | Ttotal | Status | Flags |
|---|---|---|---|---|---|---|
| r-devel-linux-x86_64-debian-clang | 0.4.1 | 4.10 | 115.41 | 119.51 | NOTE | |
| r-devel-linux-x86_64-debian-gcc | 0.4.1 | 3.10 | 72.57 | 75.67 | NOTE | |
| r-devel-linux-x86_64-fedora-clang | 0.4.1 | 12.00 | 182.00 | 194.00 | OK | |
| r-devel-linux-x86_64-fedora-gcc | 0.4.1 | 11.00 | 173.33 | 184.33 | OK | |
| r-devel-windows-x86_64 | 0.4.1 | 7.00 | 165.00 | 172.00 | OK | |
| r-patched-linux-x86_64 | 0.4.1 | 5.36 | 111.33 | 116.69 | OK | |
| r-release-linux-x86_64 | 0.4.1 | 5.01 | 109.60 | 114.61 | OK | |
| r-release-macos-arm64 | 0.4.1 | 2.00 | 57.00 | 59.00 | OK | |
| r-release-macos-x86_64 | 0.4.1 | 4.00 | 118.00 | 122.00 | OK | |
| r-release-windows-x86_64 | 0.4.1 | 6.00 | 162.00 | 168.00 | OK | |
| r-oldrel-macos-arm64 | 0.4.1 | 2.00 | 53.00 | 55.00 | OK | |
| r-oldrel-macos-x86_64 | 0.4.1 | 3.00 | 94.00 | 97.00 | OK | |
| r-oldrel-windows-x86_64 | 0.4.1 | 8.00 | 203.00 | 211.00 | OK |
Version: 0.4.1
Check: CRAN incoming feasibility
Result: NOTE
Maintainer: ‘Felipe Queiroz <ffelipeq@outlook.com>’
The Description field contains
are described in Queiroz and Ferrari (2022) <arXiv:2202.01697>.
Please refer to arXiv e-prints via their arXiv DOI <doi:10.48550/arXiv.YYMM.NNNNN>.
Flavors: r-devel-linux-x86_64-debian-clang, r-devel-linux-x86_64-debian-gcc