CRAN Package Check Results for Package PTwins

Last updated on 2025-10-21 23:51:05 CEST.

Flavor Version Tinstall Tcheck Ttotal Status Flags
r-devel-linux-x86_64-debian-clang 0.1.1 1.65 17.63 19.28 OK
r-devel-linux-x86_64-debian-gcc 0.1.1 1.30 14.99 16.29 OK
r-devel-linux-x86_64-fedora-clang 0.1.1 28.76 OK
r-devel-linux-x86_64-fedora-gcc 0.1.1 26.79 OK
r-devel-windows-x86_64 0.1.1 2.00 32.00 34.00 OK
r-patched-linux-x86_64 0.1.1 1.66 16.93 18.59 OK
r-release-linux-x86_64 0.1.1 1.60 16.72 18.32 OK
r-release-macos-arm64 0.1.1 1.00 15.00 16.00 OK
r-release-macos-x86_64 0.1.1 2.00 20.00 22.00 OK
r-release-windows-x86_64 0.1.1 2.00 33.00 35.00 OK
r-oldrel-macos-arm64 0.1.1 1.00 14.00 15.00 NOTE
r-oldrel-macos-x86_64 0.1.1 2.00 18.00 20.00 NOTE
r-oldrel-windows-x86_64 0.1.1 2.00 33.00 35.00 NOTE

Check Details

Version: 0.1.1
Check: LazyData
Result: NOTE 'LazyData' is specified without a 'data' directory Flavors: r-oldrel-macos-arm64, r-oldrel-macos-x86_64, r-oldrel-windows-x86_64