Last updated on 2025-10-21 17:49:56 CEST.
Flavor | Version | Tinstall | Tcheck | Ttotal | Status | Flags |
---|---|---|---|---|---|---|
r-devel-linux-x86_64-debian-clang | 2.4.5 | 8.10 | 77.89 | 85.99 | NOTE | |
r-devel-linux-x86_64-debian-gcc | 2.4.5 | 5.45 | 51.59 | 57.04 | NOTE | |
r-devel-linux-x86_64-fedora-clang | 2.4.5 | 21.00 | 113.28 | 134.28 | OK | |
r-devel-linux-x86_64-fedora-gcc | 2.4.5 | 19.00 | 118.72 | 137.72 | OK | |
r-devel-windows-x86_64 | 2.4.5 | 9.00 | 94.00 | 103.00 | OK | |
r-patched-linux-x86_64 | 2.4.5 | 8.53 | 71.07 | 79.60 | OK | |
r-release-linux-x86_64 | 2.4.5 | 7.15 | 71.12 | 78.27 | OK | |
r-release-macos-arm64 | 2.4.5 | 4.00 | 51.00 | 55.00 | OK | |
r-release-macos-x86_64 | 2.4.5 | 7.00 | 74.00 | 81.00 | OK | |
r-release-windows-x86_64 | 2.4.5 | 11.00 | 97.00 | 108.00 | OK | |
r-oldrel-macos-arm64 | 2.4.5 | 3.00 | 36.00 | 39.00 | OK | |
r-oldrel-macos-x86_64 | 2.4.5 | 7.00 | 66.00 | 73.00 | OK | |
r-oldrel-windows-x86_64 | 2.4.5 | 11.00 | 116.00 | 127.00 | OK |
Version: 2.4.5
Check: HTML version of manual
Result: NOTE
Found the following HTML validation problems:
print.PGP_Model.html:51:1 (print.PGP_Model.Rd:12): Warning: missing </ul> before </div>
print.PPP_Model.html:51:1 (print.PPP_Model.Rd:12): Warning: missing </ul> before </div>
Flavors: r-devel-linux-x86_64-debian-clang, r-devel-linux-x86_64-debian-gcc