Last updated on 2025-10-22 05:51:21 CEST.
Flavor | Version | Tinstall | Tcheck | Ttotal | Status | Flags |
---|---|---|---|---|---|---|
r-devel-linux-x86_64-debian-clang | 1.0.4 | 7.39 | 221.77 | 229.16 | NOTE | |
r-devel-linux-x86_64-debian-gcc | 1.0.4 | 5.48 | 144.49 | 149.97 | NOTE | |
r-devel-linux-x86_64-fedora-clang | 1.0.4 | 20.00 | 340.50 | 360.50 | OK | |
r-devel-linux-x86_64-fedora-gcc | 1.0.4 | 18.00 | 346.24 | 364.24 | OK | |
r-devel-windows-x86_64 | 1.0.4 | 10.00 | 200.00 | 210.00 | OK | |
r-patched-linux-x86_64 | 1.0.4 | 7.93 | 210.52 | 218.45 | OK | |
r-release-linux-x86_64 | 1.0.4 | 7.00 | 210.85 | 217.85 | OK | |
r-release-macos-arm64 | 1.0.4 | 4.00 | 102.00 | 106.00 | OK | |
r-release-macos-x86_64 | 1.0.4 | 11.00 | 196.00 | 207.00 | OK | |
r-release-windows-x86_64 | 1.0.4 | 11.00 | 200.00 | 211.00 | OK | |
r-oldrel-macos-arm64 | 1.0.4 | 4.00 | 102.00 | 106.00 | OK | |
r-oldrel-macos-x86_64 | 1.0.4 | 11.00 | 170.00 | 181.00 | OK | |
r-oldrel-windows-x86_64 | 1.0.4 | 12.00 | 291.00 | 303.00 | OK |
Version: 1.0.4
Check: HTML version of manual
Result: NOTE
Found the following HTML validation problems:
check_reward.html:51:1 (check_reward.Rd:12): Warning: missing </ul> before </div>
Flavors: r-devel-linux-x86_64-debian-clang, r-devel-linux-x86_64-debian-gcc