Last updated on 2025-10-27 11:50:26 CET.
| Flavor | Version | Tinstall | Tcheck | Ttotal | Status | Flags |
|---|---|---|---|---|---|---|
| r-devel-linux-x86_64-debian-clang | 2.1.4 | 2.18 | 34.91 | 37.09 | NOTE | |
| r-devel-linux-x86_64-debian-gcc | 2.1.4 | 1.87 | 27.18 | 29.05 | NOTE | |
| r-devel-linux-x86_64-fedora-clang | 2.1.4 | 58.49 | NOTE | |||
| r-devel-linux-x86_64-fedora-gcc | 2.1.4 | 69.45 | NOTE | |||
| r-devel-windows-x86_64 | 2.1.4 | 4.00 | 56.00 | 60.00 | NOTE | |
| r-patched-linux-x86_64 | 2.1.4 | 2.51 | 33.49 | 36.00 | NOTE | |
| r-release-linux-x86_64 | 2.1.4 | 2.36 | 33.77 | 36.13 | NOTE | |
| r-release-macos-arm64 | 2.1.4 | 1.00 | 31.00 | 32.00 | NOTE | |
| r-release-macos-x86_64 | 2.1.4 | 2.00 | 45.00 | 47.00 | NOTE | |
| r-release-windows-x86_64 | 2.1.4 | 5.00 | 60.00 | 65.00 | NOTE | |
| r-oldrel-macos-arm64 | 2.1.4 | 1.00 | 31.00 | 32.00 | NOTE | |
| r-oldrel-macos-x86_64 | 2.1.4 | 2.00 | 36.00 | 38.00 | NOTE | |
| r-oldrel-windows-x86_64 | 2.1.4 | 7.00 | 72.00 | 79.00 | NOTE |
Version: 2.1.4
Check: Rd files
Result: NOTE
checkRd: (-1) one_design.Rd:125-126: Lost braces
125 | function serves for the purpose of spot-testing for any pre-specified {n,
| ^
Flavors: r-devel-linux-x86_64-debian-clang, r-devel-linux-x86_64-debian-gcc, r-devel-linux-x86_64-fedora-clang, r-devel-linux-x86_64-fedora-gcc, r-devel-windows-x86_64, r-patched-linux-x86_64, r-release-linux-x86_64, r-release-macos-arm64, r-release-macos-x86_64, r-release-windows-x86_64, r-oldrel-macos-arm64, r-oldrel-macos-x86_64, r-oldrel-windows-x86_64