Last updated on 2025-10-22 11:51:20 CEST.
Flavor | Version | Tinstall | Tcheck | Ttotal | Status | Flags |
---|---|---|---|---|---|---|
r-devel-linux-x86_64-debian-clang | 0.2.0 | 306.44 | 151.66 | 458.10 | NOTE | |
r-devel-linux-x86_64-debian-gcc | 0.2.0 | 268.95 | 133.76 | 402.71 | NOTE | |
r-devel-linux-x86_64-fedora-clang | 0.2.0 | 720.00 | 50.69 | 770.69 | NOTE | |
r-devel-linux-x86_64-fedora-gcc | 0.2.0 | 900.00 | 47.14 | 947.14 | NOTE | |
r-devel-windows-x86_64 | 0.2.0 | 362.00 | 196.00 | 558.00 | NOTE | |
r-patched-linux-x86_64 | 0.2.0 | 366.02 | 179.25 | 545.27 | NOTE | |
r-release-linux-x86_64 | 0.2.0 | 374.79 | 177.65 | 552.44 | NOTE | |
r-release-macos-arm64 | 0.2.0 | 116.00 | 52.00 | 168.00 | NOTE | |
r-release-macos-x86_64 | 0.2.0 | 129.00 | 94.00 | 223.00 | NOTE | |
r-release-windows-x86_64 | 0.2.0 | 367.00 | 195.00 | 562.00 | NOTE | |
r-oldrel-macos-arm64 | 0.2.0 | 65.00 | 37.00 | 102.00 | NOTE | |
r-oldrel-macos-x86_64 | 0.2.0 | 61.00 | 59.00 | 120.00 | NOTE | |
r-oldrel-windows-x86_64 | 0.2.0 | 404.00 | 238.00 | 642.00 | NOTE |
Version: 0.2.0
Check: DESCRIPTION meta-information
Result: NOTE
Missing dependency on R >= 4.1.0 because package code uses the pipe
|> or function shorthand \(...) syntax added in R 4.1.0.
File(s) using such syntax:
‘getPrevalence.R’
Flavors: r-devel-linux-x86_64-debian-clang, r-devel-linux-x86_64-debian-gcc, r-devel-linux-x86_64-fedora-clang, r-devel-linux-x86_64-fedora-gcc, r-devel-windows-x86_64, r-patched-linux-x86_64, r-release-linux-x86_64, r-release-macos-arm64, r-release-macos-x86_64, r-release-windows-x86_64
Version: 0.2.0
Check: dependencies in R code
Result: NOTE
Namespaces in Imports field not imported from:
‘RcppParallel’ ‘rstantools’
All declared Imports should be used.
Flavors: r-devel-linux-x86_64-fedora-clang, r-devel-linux-x86_64-fedora-gcc
Version: 0.2.0
Check: installed package size
Result: NOTE
installed size is 63.0Mb
sub-directories of 1Mb or more:
libs 62.6Mb
Flavors: r-oldrel-macos-arm64, r-oldrel-macos-x86_64
Version: 0.2.0
Check: for GNU extensions in Makefiles
Result: NOTE
GNU make is a SystemRequirements.
Flavors: r-oldrel-macos-arm64, r-oldrel-macos-x86_64, r-oldrel-windows-x86_64