CRAN Package Check Results for Package PresenceAbsence

Last updated on 2025-10-21 17:49:57 CEST.

Flavor Version Tinstall Tcheck Ttotal Status Flags
r-devel-linux-x86_64-debian-clang 1.1.11 3.63 40.06 43.69 NOTE
r-devel-linux-x86_64-debian-gcc 1.1.11 3.10 29.51 32.61 NOTE
r-devel-linux-x86_64-fedora-clang 1.1.11 17.00 49.63 66.63 OK
r-devel-linux-x86_64-fedora-gcc 1.1.11 10.00 50.57 60.57 OK
r-devel-windows-x86_64 1.1.11 5.00 57.00 62.00 OK
r-patched-linux-x86_64 1.1.11 4.59 37.48 42.07 OK
r-release-linux-x86_64 1.1.11 3.88 37.34 41.22 OK
r-release-macos-arm64 1.1.11 2.00 21.00 23.00 OK
r-release-macos-x86_64 1.1.11 6.00 51.00 57.00 OK
r-release-windows-x86_64 1.1.11 4.00 59.00 63.00 OK
r-oldrel-macos-arm64 1.1.11 2.00 25.00 27.00 OK
r-oldrel-macos-x86_64 1.1.11 3.00 37.00 40.00 OK
r-oldrel-windows-x86_64 1.1.11 4.00 59.00 63.00 OK

Check Details

Version: 1.1.11
Check: CRAN incoming feasibility
Result: NOTE Maintainer: ‘Elizabeth Freeman <elizabeth.a.freeman@usda.gov>’ No Authors@R field in DESCRIPTION. Please add one, modifying Authors@R: person(given = "Elizabeth", family = "Freeman", role = c("aut", "cre"), email = "elizabeth.a.freeman@usda.gov") as necessary. Package CITATION file contains call(s) to old-style citEntry(). Please use bibentry() instead. Flavors: r-devel-linux-x86_64-debian-clang, r-devel-linux-x86_64-debian-gcc