Last updated on 2025-10-21 11:53:35 CEST.
Flavor | Version | Tinstall | Tcheck | Ttotal | Status | Flags |
---|---|---|---|---|---|---|
r-devel-linux-x86_64-debian-clang | 0.11.1 | 5.41 | 88.69 | 94.10 | NOTE | |
r-devel-linux-x86_64-debian-gcc | 0.11.1 | 3.56 | 58.97 | 62.53 | NOTE | |
r-devel-linux-x86_64-fedora-clang | 0.11.1 | 154.31 | OK | |||
r-devel-linux-x86_64-fedora-gcc | 0.11.1 | 11.00 | 125.92 | 136.92 | OK | |
r-devel-windows-x86_64 | 0.11.1 | 8.00 | 183.00 | 191.00 | OK | |
r-patched-linux-x86_64 | 0.11.1 | 7.11 | 83.13 | 90.24 | OK | |
r-release-linux-x86_64 | 0.11.1 | 4.80 | 83.37 | 88.17 | OK | |
r-release-macos-arm64 | 0.11.1 | 74.00 | OK | |||
r-release-macos-x86_64 | 0.11.1 | 4.00 | 111.00 | 115.00 | OK | |
r-release-windows-x86_64 | 0.11.1 | 8.00 | 178.00 | 186.00 | OK | |
r-oldrel-macos-arm64 | 0.11.1 | 79.00 | OK | |||
r-oldrel-macos-x86_64 | 0.11.1 | 116.00 | OK | |||
r-oldrel-windows-x86_64 | 0.11.1 | 10.00 | 202.00 | 212.00 | OK |
Version: 0.11.1
Check: HTML version of manual
Result: NOTE
Found the following HTML validation problems:
create.template.html:54:1 (create.template.Rd:15): Warning: missing </ul> before </div>
internal.var.diff.from.html:51:1 (internal.var.diff.from.Rd:12): Warning: missing </ul> before </div>
migrate.template.html:47:1 (migrate.template.Rd:10): Warning: missing </ul> before </div>
Flavors: r-devel-linux-x86_64-debian-clang, r-devel-linux-x86_64-debian-gcc