Last updated on 2025-10-24 18:50:04 CEST.
| Flavor | Version | Tinstall | Tcheck | Ttotal | Status | Flags |
|---|---|---|---|---|---|---|
| r-devel-linux-x86_64-debian-clang | 0.0.1 | 338.69 | 105.87 | 444.56 | OK | |
| r-devel-linux-x86_64-debian-gcc | 0.0.1 | 290.22 | 99.34 | 389.56 | OK | |
| r-devel-linux-x86_64-fedora-clang | 0.0.1 | 384.00 | 339.20 | 723.20 | OK | |
| r-devel-linux-x86_64-fedora-gcc | 0.0.1 | 347.00 | 557.80 | 904.80 | OK | |
| r-devel-windows-x86_64 | 0.0.1 | 331.00 | 187.00 | 518.00 | OK | |
| r-patched-linux-x86_64 | 0.0.1 | 406.53 | 133.35 | 539.88 | OK | |
| r-release-linux-x86_64 | 0.0.1 | 386.83 | 133.62 | 520.45 | OK | |
| r-release-macos-arm64 | 0.0.1 | 144.00 | 54.00 | 198.00 | OK | |
| r-release-macos-x86_64 | 0.0.1 | 121.00 | 95.00 | 216.00 | OK | |
| r-release-windows-x86_64 | 0.0.1 | 339.00 | 187.00 | 526.00 | OK | |
| r-oldrel-macos-arm64 | 0.0.1 | 132.00 | 62.00 | 194.00 | NOTE | |
| r-oldrel-macos-x86_64 | 0.0.1 | 123.00 | 99.00 | 222.00 | NOTE | |
| r-oldrel-windows-x86_64 | 0.0.1 | 402.00 | 209.00 | 611.00 | OK |
Version: 0.0.1
Check: installed package size
Result: NOTE
installed size is 123.6Mb
sub-directories of 1Mb or more:
libs 123.1Mb
Flavors: r-oldrel-macos-arm64, r-oldrel-macos-x86_64