Last updated on 2025-10-22 11:51:21 CEST.
Flavor | Version | Tinstall | Tcheck | Ttotal | Status | Flags |
---|---|---|---|---|---|---|
r-devel-linux-x86_64-debian-clang | 1.1.0 | 12.32 | 99.66 | 111.98 | NOTE | |
r-devel-linux-x86_64-debian-gcc | 1.1.0 | 9.04 | 71.25 | 80.29 | NOTE | |
r-devel-linux-x86_64-fedora-clang | 1.1.0 | 42.00 | 140.01 | 182.01 | OK | |
r-devel-linux-x86_64-fedora-gcc | 1.1.0 | 27.00 | 130.30 | 157.30 | OK | |
r-devel-windows-x86_64 | 1.1.0 | 14.00 | 102.00 | 116.00 | OK | |
r-patched-linux-x86_64 | 1.1.0 | 13.10 | 89.93 | 103.03 | OK | |
r-release-linux-x86_64 | 1.1.0 | 12.64 | 91.03 | 103.67 | OK | |
r-release-macos-arm64 | 1.1.0 | 7.00 | 41.00 | 48.00 | OK | |
r-release-macos-x86_64 | 1.1.0 | 7.00 | 55.00 | 62.00 | OK | |
r-release-windows-x86_64 | 1.1.0 | 15.00 | 104.00 | 119.00 | OK | |
r-oldrel-macos-arm64 | 1.1.0 | 6.00 | 45.00 | 51.00 | OK | |
r-oldrel-macos-x86_64 | 1.1.0 | 7.00 | 54.00 | 61.00 | OK | |
r-oldrel-windows-x86_64 | 1.1.0 | 19.00 | 128.00 | 147.00 | OK |
Version: 1.1.0
Check: HTML version of manual
Result: NOTE
Found the following HTML validation problems:
Rtimer.html:107:1 (Rtimer.Rd:63): Warning: <h5> anchor "Usage" already defined
Rtimer.html:126:1 (Rtimer.Rd:74): Warning: <h5> anchor "Returns" already defined
Rtimer.html:143:1 (Rtimer.Rd:83): Warning: <h5> anchor "Usage" already defined
Rtimer.html:149:1 (Rtimer.Rd:87): Warning: <h5> anchor "Arguments" already defined
Rtimer.html:162:1 (Rtimer.Rd:94): Warning: <h5> anchor "Returns" already defined
Rtimer.html:179:1 (Rtimer.Rd:103): Warning: <h5> anchor "Usage" already defined
Rtimer.html:185:1 (Rtimer.Rd:107): Warning: <h5> anchor "Arguments" already defined
Flavors: r-devel-linux-x86_64-debian-clang, r-devel-linux-x86_64-debian-gcc