Last updated on 2025-10-23 05:52:04 CEST.
| Flavor | Version | Tinstall | Tcheck | Ttotal | Status | Flags |
|---|---|---|---|---|---|---|
| r-devel-linux-x86_64-debian-clang | 2.17.2 | 4.15 | 62.15 | 66.30 | OK | |
| r-devel-linux-x86_64-debian-gcc | 2.17.2 | 2.95 | 46.33 | 49.28 | OK | |
| r-devel-linux-x86_64-fedora-clang | 2.17.2 | 13.00 | 92.90 | 105.90 | OK | |
| r-devel-linux-x86_64-fedora-gcc | 2.17.2 | 112.21 | OK | |||
| r-devel-windows-x86_64 | 2.17.2 | 6.00 | 98.00 | 104.00 | OK | |
| r-patched-linux-x86_64 | 2.17.2 | 5.03 | 59.52 | 64.55 | OK | |
| r-release-linux-x86_64 | 2.17.2 | 3.76 | 59.83 | 63.59 | OK | |
| r-release-macos-arm64 | 2.17.2 | 3.00 | 61.00 | 64.00 | OK | |
| r-release-macos-x86_64 | 2.17.2 | 10.00 | 104.00 | 114.00 | OK | |
| r-release-windows-x86_64 | 2.17.2 | 5.00 | 103.00 | 108.00 | OK | |
| r-oldrel-macos-arm64 | 2.17.2 | 2.00 | 38.00 | 40.00 | OK | |
| r-oldrel-macos-x86_64 | 2.17.2 | 3.00 | 45.00 | 48.00 | NOTE | |
| r-oldrel-windows-x86_64 | 2.17.2 | 7.00 | 113.00 | 120.00 | OK |
Version: 2.17.2
Check: package vignettes
Result: NOTE
Package has ‘vignettes’ subdirectory but apparently no vignettes.
Perhaps the ‘VignetteBuilder’ information is missing from the
DESCRIPTION file?
Flavor: r-oldrel-macos-x86_64